Last updated on 2024-05-21 18:49:12 CEST.
Flavor | Version | Tinstall | Tcheck | Ttotal | Status | Flags |
---|---|---|---|---|---|---|
r-devel-linux-x86_64-debian-clang | 1.3 | 8.86 | 95.49 | 104.35 | OK | |
r-devel-linux-x86_64-debian-gcc | 1.3 | 6.51 | 69.43 | 75.94 | OK | |
r-devel-linux-x86_64-fedora-clang | 1.3 | 131.61 | NOTE | |||
r-devel-linux-x86_64-fedora-gcc | 1.3 | 119.81 | OK | |||
r-devel-windows-x86_64 | 1.3 | 10.00 | 90.00 | 100.00 | OK | |
r-patched-linux-x86_64 | 1.3 | 9.49 | 91.55 | 101.04 | OK | |
r-release-linux-x86_64 | 1.3 | 7.73 | 92.75 | 100.48 | OK | |
r-release-macos-arm64 | 1.3 | 37.00 | OK | |||
r-release-macos-x86_64 | 1.3 | 91.00 | OK | |||
r-release-windows-x86_64 | 1.3 | 9.00 | 91.00 | 100.00 | OK | |
r-oldrel-macos-arm64 | 1.3 | 41.00 | OK | |||
r-oldrel-macos-x86_64 | 1.3 | 87.00 | OK | |||
r-oldrel-windows-x86_64 | 1.3 | 12.00 | 109.00 | 121.00 | OK |
Version: 1.3
Check: Rd cross-references
Result: NOTE
Undeclared packages ‘FactoMineR’, ‘vcd’ in Rd xrefs
Flavor: r-devel-linux-x86_64-fedora-clang