Last updated on 2024-03-28 17:49:25 CET.
Flavor | Version | Tinstall | Tcheck | Ttotal | Status | Flags |
---|---|---|---|---|---|---|
r-devel-linux-x86_64-debian-clang | 0.3.0 | 5.48 | 73.08 | 78.56 | OK | |
r-devel-linux-x86_64-debian-gcc | 0.3.0 | 5.77 | 56.51 | 62.28 | OK | |
r-devel-linux-x86_64-fedora-clang | 0.3.0 | 99.76 | NOTE | |||
r-devel-linux-x86_64-fedora-gcc | 0.3.0 | 110.92 | OK | |||
r-devel-windows-x86_64 | 0.3.0 | 7.00 | 79.00 | 86.00 | OK | |
r-patched-linux-x86_64 | 0.3.0 | 12.40 | 70.36 | 82.76 | OK | |
r-release-linux-x86_64 | 0.3.0 | 6.66 | 70.73 | 77.39 | OK | |
r-release-macos-arm64 | 0.3.0 | 39.00 | OK | |||
r-release-macos-x86_64 | 0.3.0 | 62.00 | OK | |||
r-release-windows-x86_64 | 0.3.0 | 10.00 | 87.00 | 97.00 | OK | |
r-oldrel-macos-arm64 | 0.3.0 | 35.00 | OK | |||
r-oldrel-windows-x86_64 | 0.3.0 | 11.00 | 87.00 | 98.00 | OK |
Version: 0.3.0
Check: Rd cross-references
Result: NOTE
Undeclared package ‘htmlwidgets’ in Rd xrefs
Flavor: r-devel-linux-x86_64-fedora-clang