Last updated on 2025-07-21 06:49:24 CEST.
Flavor | Version | Tinstall | Tcheck | Ttotal | Status | Flags |
---|---|---|---|---|---|---|
r-devel-linux-x86_64-debian-clang | 0.3.0 | 4.96 | 42.52 | 47.48 | NOTE | |
r-devel-linux-x86_64-debian-gcc | 0.3.0 | 3.40 | 33.40 | 36.80 | NOTE | |
r-devel-linux-x86_64-fedora-clang | 0.3.0 | 73.85 | NOTE | |||
r-devel-linux-x86_64-fedora-gcc | 0.3.0 | 83.73 | NOTE | |||
r-devel-windows-x86_64 | 0.3.0 | 8.00 | 60.00 | 68.00 | NOTE | |
r-patched-linux-x86_64 | 0.3.0 | 4.45 | 39.33 | 43.78 | NOTE | |
r-release-linux-x86_64 | 0.3.0 | 4.63 | 39.57 | 44.20 | NOTE | |
r-release-macos-arm64 | 0.3.0 | 31.00 | NOTE | |||
r-release-macos-x86_64 | 0.3.0 | 59.00 | NOTE | |||
r-release-windows-x86_64 | 0.3.0 | 6.00 | 61.00 | 67.00 | NOTE | |
r-oldrel-macos-arm64 | 0.3.0 | 35.00 | OK | |||
r-oldrel-macos-x86_64 | 0.3.0 | 54.00 | OK | |||
r-oldrel-windows-x86_64 | 0.3.0 | 10.00 | 69.00 | 79.00 | OK |
Version: 0.3.0
Check: DESCRIPTION meta-information
Result: NOTE
Missing dependency on R >= 4.1.0 because package code uses the pipe
|> or function shorthand \(...) syntax added in R 4.1.0.
File(s) using such syntax:
‘mod_template_srv.R’
Flavors: r-devel-linux-x86_64-debian-clang, r-devel-linux-x86_64-debian-gcc, r-devel-linux-x86_64-fedora-clang, r-devel-linux-x86_64-fedora-gcc, r-devel-windows-x86_64, r-patched-linux-x86_64, r-release-linux-x86_64, r-release-macos-arm64, r-release-macos-x86_64, r-release-windows-x86_64