CRAN Package Check Results for Package devFunc

Last updated on 2025-11-20 05:49:22 CET.

Flavor Version Tinstall Tcheck Ttotal Status Flags
r-devel-linux-x86_64-debian-clang 0.1 2.90 30.67 33.57 NOTE
r-devel-linux-x86_64-debian-gcc 0.1 2.71 23.95 26.66 NOTE
r-devel-linux-x86_64-fedora-clang 0.1 50.77 OK
r-devel-linux-x86_64-fedora-gcc 0.1 47.91 OK
r-devel-windows-x86_64 0.1 8.00 47.00 55.00 OK
r-patched-linux-x86_64 0.1 3.50 28.51 32.01 OK
r-release-linux-x86_64 0.1 3.37 28.67 32.04 OK
r-release-macos-arm64 0.1 OK
r-release-macos-x86_64 0.1 3.00 29.00 32.00 OK
r-release-windows-x86_64 0.1 4.00 46.00 50.00 OK
r-oldrel-macos-arm64 0.1 NOTE
r-oldrel-macos-x86_64 0.1 3.00 24.00 27.00 NOTE
r-oldrel-windows-x86_64 0.1 7.00 54.00 61.00 NOTE

Additional issues

donttest

Check Details

Version: 0.1
Check: CRAN incoming feasibility
Result: NOTE Maintainer: ‘Robin Van Oirbeek <robin.vanoirbeek@gmail.com>’ No Authors@R field in DESCRIPTION. Please add one, modifying Authors@R: person(given = "Robin", family = "Van Oirbeek", role = c("aut", "cre"), email = "robin.vanoirbeek@gmail.com") as necessary. Flavors: r-devel-linux-x86_64-debian-clang, r-devel-linux-x86_64-debian-gcc

Version: 0.1
Check: LazyData
Result: NOTE 'LazyData' is specified without a 'data' directory Flavors: r-oldrel-macos-arm64, r-oldrel-macos-x86_64, r-oldrel-windows-x86_64