Last updated on 2024-03-28 17:49:25 CET.
Flavor | Version | Tinstall | Tcheck | Ttotal | Status | Flags |
---|---|---|---|---|---|---|
r-devel-linux-x86_64-debian-clang | 1.4.0 | 163.63 | 251.44 | 415.07 | OK | |
r-devel-linux-x86_64-debian-gcc | 1.4.0 | 126.71 | 207.09 | 333.80 | OK | |
r-devel-linux-x86_64-fedora-clang | 1.4.0 | 577.67 | OK | |||
r-devel-linux-x86_64-fedora-gcc | 1.4.0 | 609.35 | OK | |||
r-devel-windows-x86_64 | 1.4.0 | 126.00 | 265.00 | 391.00 | OK | |
r-patched-linux-x86_64 | 1.4.0 | 120.85 | 266.91 | 387.76 | OK | |
r-release-linux-x86_64 | 1.4.0 | 166.58 | 258.38 | 424.96 | OK | |
r-release-macos-arm64 | 1.4.0 | 140.00 | NOTE | |||
r-release-macos-x86_64 | 1.4.0 | 232.00 | NOTE | |||
r-release-windows-x86_64 | 1.4.0 | 160.00 | 246.00 | 406.00 | OK | |
r-oldrel-macos-arm64 | 1.4.0 | 128.00 | NOTE | |||
r-oldrel-windows-x86_64 | 1.4.0 | 153.00 | 235.00 | 388.00 | OK |
Version: 1.4.0
Check: installed package size
Result: NOTE
installed size is 10.2Mb
sub-directories of 1Mb or more:
doc 1.1Mb
libs 8.3Mb
Flavors: r-release-macos-arm64, r-release-macos-x86_64, r-oldrel-macos-arm64