Last updated on 2024-05-08 06:58:21 CEST.
Flavor | Version | Tinstall | Tcheck | Ttotal | Status | Flags |
---|---|---|---|---|---|---|
r-devel-linux-x86_64-debian-clang | 2.0.1 | 5.48 | 41.88 | 47.36 | OK | |
r-devel-linux-x86_64-debian-gcc | 2.0.1 | 2.75 | 32.12 | 34.87 | OK | |
r-devel-linux-x86_64-fedora-clang | 2.0.1 | 58.43 | NOTE | |||
r-devel-linux-x86_64-fedora-gcc | 2.0.1 | 95.01 | OK | |||
r-devel-windows-x86_64 | 2.0.1 | 4.00 | 63.00 | 67.00 | NOTE | |
r-patched-linux-x86_64 | 2.0.1 | 3.95 | 39.56 | 43.51 | OK | |
r-release-linux-x86_64 | 2.0.1 | 4.41 | 40.52 | 44.93 | OK | |
r-release-macos-arm64 | 2.0.1 | 51.00 | NOTE | |||
r-release-macos-x86_64 | 2.0.1 | 103.00 | NOTE | |||
r-release-windows-x86_64 | 2.0.1 | 5.00 | 64.00 | 69.00 | NOTE | |
r-oldrel-macos-arm64 | 2.0.1 | 40.00 | NOTE | |||
r-oldrel-macos-x86_64 | 2.0.1 | 74.00 | NOTE | |||
r-oldrel-windows-x86_64 | 2.0.1 | 5.00 | 63.00 | 68.00 | NOTE |
Version: 2.0.1
Check: installed package size
Result: NOTE
installed size is 10.9Mb
sub-directories of 1Mb or more:
doc 10.8Mb
Flavors: r-devel-linux-x86_64-fedora-clang, r-devel-windows-x86_64, r-release-macos-arm64, r-release-macos-x86_64, r-release-windows-x86_64, r-oldrel-macos-arm64, r-oldrel-macos-x86_64, r-oldrel-windows-x86_64