Last updated on 2025-11-04 05:51:08 CET.
| Flavor | Version | Tinstall | Tcheck | Ttotal | Status | Flags | 
|---|---|---|---|---|---|---|
| r-devel-linux-x86_64-debian-clang | 2.0.0 | 14.69 | 155.19 | 169.88 | NOTE | |
| r-devel-linux-x86_64-debian-gcc | 2.0.0 | 8.86 | 110.13 | 118.99 | NOTE | |
| r-devel-linux-x86_64-fedora-clang | 2.0.0 | 29.00 | 231.83 | 260.83 | NOTE | |
| r-devel-linux-x86_64-fedora-gcc | 2.0.0 | 26.00 | 217.88 | 243.88 | NOTE | |
| r-devel-windows-x86_64 | 2.0.0 | 14.00 | 167.00 | 181.00 | NOTE | |
| r-patched-linux-x86_64 | 2.0.0 | 11.33 | 145.48 | 156.81 | NOTE | |
| r-release-linux-x86_64 | 2.0.0 | 13.44 | 145.81 | 159.25 | NOTE | |
| r-release-macos-arm64 | 2.0.0 | 6.00 | 74.00 | 80.00 | NOTE | |
| r-release-macos-x86_64 | 2.0.0 | 13.00 | 140.00 | 153.00 | NOTE | |
| r-release-windows-x86_64 | 2.0.0 | 15.00 | 167.00 | 182.00 | NOTE | |
| r-oldrel-macos-arm64 | 2.0.0 | 6.00 | 70.00 | 76.00 | NOTE | |
| r-oldrel-macos-x86_64 | 2.0.0 | 10.00 | 103.00 | 113.00 | NOTE | |
| r-oldrel-windows-x86_64 | 2.0.0 | 19.00 | 209.00 | 228.00 | NOTE | 
Version: 2.0.0
Check: CRAN incoming feasibility
Result: NOTE
  Maintainer: ‘Thomas Welchowski <welchow@imbie.meb.uni-bonn.de>’
  
  No Authors@R field in DESCRIPTION.
  Please add one, modifying
    Authors@R: c(person(given = "Thomas",
                        family = "Welchowski",
                        role = c("aut", "cre"),
                        email = "welchow@imbie.meb.uni-bonn.de"),
                 person(given = "Moritz",
                        family = "Berger",
                        role = "aut",
                        email = "moritz.berger@imbie.uni-bonn.de"),
                 person(given = "David",
                        family = "Koehler",
                        role = "aut",
                        email = "koehler@imbie.uni-bonn.de"),
                 person(given = "Matthias",
                        family = "Schmid",
                        role = "aut",
                        email = "matthias.schmid@imbie.uni-bonn.de"))
  as necessary.
Flavors: r-devel-linux-x86_64-debian-clang, r-devel-linux-x86_64-debian-gcc
Version: 2.0.0
Check: Rd files
Result: NOTE
  checkRd: (-1) cIndex.Rd:32: Lost braces; missing escapes or markup?
      32 | [a_{q-1}, a_q) are available.
         |    ^
  checkRd: (-1) cIndexCompRisks.Rd:31: Lost braces; missing escapes or markup?
      31 | [a_{q-1}, a_q) are available.
         |    ^
  checkRd: (-1) dataCensoring.Rd:78: Escaped LaTeX specials: \&
  checkRd: (-1) dataLong.Rd:170: Escaped LaTeX specials: \&
  checkRd: (-1) dataLongCompRisksTimeDep.Rd:130: Escaped LaTeX specials: \&
  checkRd: (-1) dataLongMultiSpell.Rd:123: Escaped LaTeX specials: \&
  checkRd: (-1) dataLongTimeDep.Rd:96: Escaped LaTeX specials: \&
  checkRd: (-1) estMargProb.Rd:23: Lost braces; missing escapes or markup?
      23 | a_2), ..., [a_{q-1}, a_q), [a_q, Inf).
         |               ^
  checkRd: (-1) estMargProbCompRisks.Rd:24: Lost braces; missing escapes or markup?
      24 | a_2), ..., [a_{q-1}, a_q), [a_q, Inf).
         |               ^
  checkRd: (-1) estSurv.Rd:23: Lost braces; missing escapes or markup?
      23 | a_2), ..., [a_{q-1}, a_q), [a_q, Inf).
         |               ^
  checkRd: (-1) estSurvCompRisks.Rd:24: Lost braces; missing escapes or markup?
      24 | a_2), ..., [a_{q-1}, a_q), [a_q, Inf).
         |               ^
  checkRd: (-1) lifeTable.Rd:21: Lost braces; missing escapes or markup?
      21 | [a_0, a_1), [a_1, a_2), ..., [a_{q-1}, a_q) ("character vector")}
         |                                 ^
Flavors: r-devel-linux-x86_64-debian-clang, r-devel-linux-x86_64-debian-gcc, r-devel-linux-x86_64-fedora-clang, r-devel-linux-x86_64-fedora-gcc, r-devel-windows-x86_64, r-patched-linux-x86_64, r-release-linux-x86_64, r-release-macos-arm64, r-release-macos-x86_64, r-release-windows-x86_64, r-oldrel-macos-arm64, r-oldrel-macos-x86_64, r-oldrel-windows-x86_64