Last updated on 2025-11-22 17:49:28 CET.
| Flavor | Version | Tinstall | Tcheck | Ttotal | Status | Flags |
|---|---|---|---|---|---|---|
| r-devel-linux-x86_64-debian-clang | 0.2-3 | 40.57 | 362.11 | 402.68 | NOTE | |
| r-devel-linux-x86_64-debian-gcc | 0.2-3 | 24.17 | 238.57 | 262.74 | NOTE | |
| r-devel-linux-x86_64-fedora-clang | 0.2-3 | 85.00 | 555.38 | 640.38 | OK | |
| r-devel-linux-x86_64-fedora-gcc | 0.2-3 | 81.00 | 541.77 | 622.77 | OK | |
| r-devel-windows-x86_64 | 0.2-3 | 38.00 | 271.00 | 309.00 | OK | |
| r-patched-linux-x86_64 | 0.2-3 | 34.38 | 343.31 | 377.69 | OK | |
| r-release-linux-x86_64 | 0.2-3 | 34.43 | 344.00 | 378.43 | OK | |
| r-release-macos-arm64 | 0.2-3 | OK | ||||
| r-release-macos-x86_64 | 0.2-3 | 37.00 | 271.00 | 308.00 | OK | |
| r-release-windows-x86_64 | 0.2-3 | 33.00 | 268.00 | 301.00 | OK | |
| r-oldrel-macos-arm64 | 0.2-3 | OK | ||||
| r-oldrel-macos-x86_64 | 0.2-3 | 25.00 | 204.00 | 229.00 | OK | |
| r-oldrel-windows-x86_64 | 0.2-3 | 50.00 | 367.00 | 417.00 | OK |
Version: 0.2-3
Check: CRAN incoming feasibility
Result: NOTE
Maintainer: ‘Pierre Roudier <roudierp@landcareresearch.co.nz>’
Found the following URLs which should use \doi (with the DOI name only):
File ‘dissever.Rd’:
http://dx.doi.org/10.1016/j.cageo.2011.08.021
File ‘edgeroi.Rd’:
http://dx.doi.org/10.1016/S0016-7061(03)00223-4
http://dx.doi.org/10.1016/j.geoderma.2009.10.007
Flavors: r-devel-linux-x86_64-debian-clang, r-devel-linux-x86_64-debian-gcc