Last updated on 2024-04-18 18:57:32 CEST.
Flavor | Version | Tinstall | Tcheck | Ttotal | Status | Flags |
---|---|---|---|---|---|---|
r-devel-linux-x86_64-debian-clang | 2.9.2 | 34.65 | 111.30 | 145.95 | OK | |
r-devel-linux-x86_64-debian-gcc | 2.9.2 | 26.16 | 81.47 | 107.63 | OK | |
r-devel-linux-x86_64-fedora-clang | 2.9.2 | 182.53 | NOTE | |||
r-devel-linux-x86_64-fedora-gcc | 2.9.2 | 173.48 | OK | |||
r-prerel-macos-arm64 | 2.9.2 | 49.00 | OK | |||
r-prerel-macos-x86_64 | 2.9.2 | 153.00 | OK | |||
r-prerel-windows-x86_64 | 2.9.2 | 28.00 | 112.00 | 140.00 | OK | |
r-patched-linux-x86_64 | 2.9.2 | 32.81 | 106.99 | 139.80 | OK | |
r-release-linux-x86_64 | 2.9.2 | 28.70 | 107.28 | 135.98 | OK | |
r-release-macos-arm64 | 2.9.2 | 60.00 | OK | |||
r-release-macos-x86_64 | 2.9.2 | 142.00 | OK | |||
r-release-windows-x86_64 | 2.9.2 | 28.00 | 132.00 | 160.00 | OK | |
r-oldrel-macos-arm64 | 2.9.2 | 54.00 | OK | |||
r-oldrel-windows-x86_64 | 2.9.2 | 38.00 | 131.00 | 169.00 | OK |
Version: 2.9.2
Check: Rd cross-references
Result: NOTE
Undeclared package ‘robustbase’ in Rd xrefs
Flavor: r-devel-linux-x86_64-fedora-clang