Last updated on 2024-04-23 18:50:52 CEST.
Flavor | Version | Tinstall | Tcheck | Ttotal | Status | Flags |
---|---|---|---|---|---|---|
r-devel-linux-x86_64-debian-clang | 2.8.2 | 18.62 | 66.24 | 84.86 | OK | |
r-devel-linux-x86_64-debian-gcc | 2.8.2 | 16.24 | 50.82 | 67.06 | OK | |
r-devel-linux-x86_64-fedora-clang | 2.8.2 | 111.13 | NOTE | |||
r-devel-linux-x86_64-fedora-gcc | 2.8.2 | 107.36 | OK | |||
r-prerel-macos-arm64 | 2.8.2 | 36.00 | OK | |||
r-prerel-macos-x86_64 | 2.8.2 | 73.00 | OK | |||
r-prerel-windows-x86_64 | 2.8.2 | 17.00 | 73.00 | 90.00 | OK | |
r-patched-linux-x86_64 | 2.8.2 | 18.61 | 63.27 | 81.88 | OK | |
r-release-linux-x86_64 | 2.8.2 | 18.31 | 64.20 | 82.51 | OK | |
r-release-macos-arm64 | 2.8.2 | 50.00 | OK | |||
r-release-macos-x86_64 | 2.8.2 | 67.00 | OK | |||
r-release-windows-x86_64 | 2.8.2 | 22.00 | 80.00 | 102.00 | OK | |
r-oldrel-macos-arm64 | 2.8.2 | 41.00 | OK | |||
r-oldrel-windows-x86_64 | 2.8.2 | 23.00 | 83.00 | 106.00 | OK |
Version: 2.8.2
Check: Rd cross-references
Result: NOTE
Undeclared package ‘distr’ in Rd xrefs
Flavor: r-devel-linux-x86_64-fedora-clang