Last updated on 2025-05-18 06:49:12 CEST.
Flavor | Version | Tinstall | Tcheck | Ttotal | Status | Flags |
---|---|---|---|---|---|---|
r-devel-linux-x86_64-debian-clang | 1.7.5 | 15.60 | 157.37 | 172.97 | NOTE | |
r-devel-linux-x86_64-debian-gcc | 1.7.5 | 12.50 | 109.49 | 121.99 | NOTE | |
r-devel-linux-x86_64-fedora-clang | 1.7.5 | 281.17 | OK | |||
r-devel-linux-x86_64-fedora-gcc | 1.7.5 | 281.85 | OK | |||
r-devel-windows-x86_64 | 1.7.5 | 18.00 | 158.00 | 176.00 | NOTE | |
r-patched-linux-x86_64 | 1.7.5 | 16.22 | 148.88 | 165.10 | NOTE | |
r-release-linux-x86_64 | 1.7.5 | 15.56 | 147.87 | 163.43 | NOTE | |
r-release-macos-arm64 | 1.7.5 | 87.00 | OK | |||
r-release-macos-x86_64 | 1.7.5 | 135.00 | OK | |||
r-release-windows-x86_64 | 1.7.5 | 18.00 | 156.00 | 174.00 | NOTE | |
r-oldrel-macos-arm64 | 1.7.5 | 80.00 | OK | |||
r-oldrel-macos-x86_64 | 1.7.5 | 131.00 | OK | |||
r-oldrel-windows-x86_64 | 1.7.5 | 22.00 | 197.00 | 219.00 | OK |
Version: 1.7.5
Check: Rd cross-references
Result: NOTE
Found the following Rd file(s) with Rd \link{} targets missing package
anchors:
dists.Rd: betareg
moments.Rd: betareg, gamlss, bamlss
plot_dist.Rd: gamlss, bamlss, betareg, ggplot2
plot_moments.Rd: gamlss, bamlss, betareg
Please provide package anchors for all Rd \link{} targets not in the
package itself and the base packages.
Flavors: r-devel-linux-x86_64-debian-clang, r-devel-linux-x86_64-debian-gcc, r-devel-windows-x86_64, r-patched-linux-x86_64, r-release-linux-x86_64, r-release-windows-x86_64