Last updated on 2025-11-23 17:50:10 CET.
| Flavor | Version | Tinstall | Tcheck | Ttotal | Status | Flags |
|---|---|---|---|---|---|---|
| r-devel-linux-x86_64-debian-clang | 0.5.1 | 18.67 | 137.79 | 156.46 | NOTE | |
| r-devel-linux-x86_64-debian-gcc | 0.5.1 | 12.13 | 92.19 | 104.32 | NOTE | |
| r-devel-linux-x86_64-fedora-clang | 0.5.1 | 43.00 | 193.79 | 236.79 | OK | |
| r-devel-linux-x86_64-fedora-gcc | 0.5.1 | 43.00 | 198.54 | 241.54 | OK | |
| r-devel-windows-x86_64 | 0.5.1 | 21.00 | 127.00 | 148.00 | OK | |
| r-patched-linux-x86_64 | 0.5.1 | 20.77 | 128.00 | 148.77 | OK | |
| r-release-linux-x86_64 | 0.5.1 | 19.52 | 126.10 | 145.62 | OK | |
| r-release-macos-arm64 | 0.5.1 | OK | ||||
| r-release-macos-x86_64 | 0.5.1 | 16.00 | 112.00 | 128.00 | OK | |
| r-release-windows-x86_64 | 0.5.1 | 19.00 | 126.00 | 145.00 | OK | |
| r-oldrel-macos-arm64 | 0.5.1 | OK | ||||
| r-oldrel-macos-x86_64 | 0.5.1 | 13.00 | 83.00 | 96.00 | OK | |
| r-oldrel-windows-x86_64 | 0.5.1 | 28.00 | 157.00 | 185.00 | OK |
Version: 0.5.1
Check: CRAN incoming feasibility
Result: NOTE
Maintainer: ‘Olisaeloka Nsonwu <olisa.nsonwu@gmail.com>’
No Authors@R field in DESCRIPTION.
Please add one, modifying
Authors@R: person(given = "Olisaeloka",
family = "Nsonwu",
role = c("aut", "cre"),
email = "olisa.nsonwu@gmail.com")
as necessary.
Flavors: r-devel-linux-x86_64-debian-clang, r-devel-linux-x86_64-debian-gcc