Last updated on 2024-04-25 06:54:14 CEST.
Flavor | Version | Tinstall | Tcheck | Ttotal | Status | Flags |
---|---|---|---|---|---|---|
r-devel-linux-x86_64-debian-clang | 0.2.1 | 144.35 | 30.25 | 174.60 | NOTE | |
r-devel-linux-x86_64-debian-gcc | 0.2.1 | 97.38 | 23.43 | 120.81 | NOTE | |
r-devel-linux-x86_64-fedora-clang | 0.2.1 | 273.89 | NOTE | |||
r-devel-linux-x86_64-fedora-gcc | 0.2.1 | 247.10 | NOTE | |||
r-devel-windows-x86_64 | 0.2.1 | 103.00 | 60.00 | 163.00 | NOTE | |
r-patched-linux-x86_64 | 0.2.1 | 132.03 | 29.70 | 161.73 | NOTE | |
r-release-linux-x86_64 | 0.2.1 | 129.33 | 29.13 | 158.46 | NOTE | |
r-release-macos-arm64 | 0.2.1 | 44.00 | NOTE | |||
r-release-windows-x86_64 | 0.2.1 | 100.00 | 59.00 | 159.00 | NOTE | |
r-oldrel-macos-arm64 | 0.2.1 | 57.00 | NOTE | |||
r-oldrel-macos-x86_64 | 0.2.1 | 96.00 | NOTE | |||
r-oldrel-windows-x86_64 | 0.2.1 | 104.00 | 69.00 | 173.00 | NOTE |
Version: 0.2.1
Check: LazyData
Result: NOTE
'LazyData' is specified without a 'data' directory
Flavors: r-devel-linux-x86_64-debian-clang, r-devel-linux-x86_64-debian-gcc, r-devel-linux-x86_64-fedora-clang, r-devel-linux-x86_64-fedora-gcc, r-devel-windows-x86_64, r-patched-linux-x86_64, r-release-linux-x86_64, r-release-macos-arm64, r-release-windows-x86_64, r-oldrel-macos-arm64, r-oldrel-macos-x86_64, r-oldrel-windows-x86_64