Last updated on 2024-04-19 19:50:12 CEST.
Flavor | Version | Tinstall | Tcheck | Ttotal | Status | Flags |
---|---|---|---|---|---|---|
r-devel-linux-x86_64-debian-clang | 1.0.17 | 2.45 | 128.32 | 130.77 | NOTE | |
r-devel-linux-x86_64-debian-gcc | 1.0.17 | NOTE | ||||
r-devel-linux-x86_64-fedora-clang | 1.0.17 | 158.69 | OK | |||
r-devel-linux-x86_64-fedora-gcc | 1.0.17 | 165.41 | OK | |||
r-prerel-macos-arm64 | 1.0.17 | 58.00 | OK | |||
r-prerel-windows-x86_64 | 1.0.17 | 4.00 | 112.00 | 116.00 | OK | |
r-patched-linux-x86_64 | 1.0.17 | 2.65 | 123.34 | 125.99 | NOTE | |
r-release-linux-x86_64 | 1.0.17 | 2.64 | 122.46 | 125.10 | NOTE | |
r-release-macos-arm64 | 1.0.17 | 96.00 | OK | |||
r-release-macos-x86_64 | 1.0.17 | 143.00 | OK | |||
r-release-windows-x86_64 | 1.0.17 | 4.00 | 132.00 | 136.00 | OK | |
r-oldrel-macos-arm64 | 1.0.17 | 82.00 | OK | |||
r-oldrel-windows-x86_64 | 1.0.17 | 5.00 | 137.00 | 142.00 | OK |
Version: 1.0.17
Check: R code for possible problems
Result: NOTE
Found the following calls to attach():
File ‘doParallel/R/doParallel.R’:
attach(exportEnv)
See section ‘Good practice’ in ‘?attach’.
Flavors: r-devel-linux-x86_64-debian-clang, r-devel-linux-x86_64-debian-gcc, r-patched-linux-x86_64, r-release-linux-x86_64