CRAN Package Check Results for Package doParallel

Last updated on 2025-07-19 18:50:20 CEST.

Flavor Version Tinstall Tcheck Ttotal Status Flags
r-devel-linux-x86_64-debian-clang 1.0.17 1.47 104.29 105.76 NOTE
r-devel-linux-x86_64-debian-gcc 1.0.17 1.71 99.51 101.22 NOTE
r-devel-linux-x86_64-fedora-clang 1.0.17 163.14 OK
r-devel-linux-x86_64-fedora-gcc 1.0.17 180.21 OK
r-devel-windows-x86_64 1.0.17 4.00 112.00 116.00 OK
r-patched-linux-x86_64 1.0.17 2.17 97.00 99.17 NOTE
r-release-linux-x86_64 1.0.17 2.00 101.49 103.49 NOTE
r-release-macos-arm64 1.0.17 66.00 OK
r-release-macos-x86_64 1.0.17 114.00 OK
r-release-windows-x86_64 1.0.17 4.00 114.00 118.00 OK
r-oldrel-macos-arm64 1.0.17 58.00 OK
r-oldrel-macos-x86_64 1.0.17 88.00 OK
r-oldrel-windows-x86_64 1.0.17 4.00 147.00 151.00 OK

Check Details

Version: 1.0.17
Check: R code for possible problems
Result: NOTE Found the following calls to attach(): File ‘doParallel/R/doParallel.R’: attach(exportEnv) See section ‘Good practice’ in ‘?attach’. Flavors: r-devel-linux-x86_64-debian-clang, r-devel-linux-x86_64-debian-gcc, r-patched-linux-x86_64, r-release-linux-x86_64