Last updated on 2025-11-23 05:50:15 CET.
| Flavor | Version | Tinstall | Tcheck | Ttotal | Status | Flags |
|---|---|---|---|---|---|---|
| r-devel-linux-x86_64-debian-clang | 0.2.6 | 111.78 | 27.46 | 139.24 | OK | |
| r-devel-linux-x86_64-debian-gcc | 0.2.6 | 77.37 | 22.71 | 100.08 | OK | |
| r-devel-linux-x86_64-fedora-clang | 0.2.6 | 291.00 | 12.37 | 303.37 | OK | |
| r-devel-linux-x86_64-fedora-gcc | 0.2.6 | 223.00 | 32.38 | 255.38 | OK | |
| r-devel-windows-x86_64 | 0.2.6 | 180.00 | 64.00 | 244.00 | OK | |
| r-patched-linux-x86_64 | 0.2.6 | 113.24 | 24.61 | 137.85 | OK | |
| r-release-linux-x86_64 | 0.2.6 | 110.23 | 24.70 | 134.93 | OK | |
| r-release-macos-arm64 | 0.2.6 | OK | ||||
| r-release-macos-x86_64 | 0.2.6 | 36.00 | 30.00 | 66.00 | OK | |
| r-release-windows-x86_64 | 0.2.6 | 144.00 | 65.00 | 209.00 | OK | |
| r-oldrel-macos-arm64 | 0.2.6 | NOTE | ||||
| r-oldrel-macos-x86_64 | 0.2.6 | 32.00 | 24.00 | 56.00 | NOTE | |
| r-oldrel-windows-x86_64 | 0.2.6 | 144.00 | 80.00 | 224.00 | OK |
Version: 0.2.6
Check: installed package size
Result: NOTE
installed size is 12.4Mb
sub-directories of 1Mb or more:
libs 12.2Mb
Flavors: r-oldrel-macos-arm64, r-oldrel-macos-x86_64