Last updated on 2024-04-23 06:56:53 CEST.
Flavor | Version | Tinstall | Tcheck | Ttotal | Status | Flags |
---|---|---|---|---|---|---|
r-devel-linux-x86_64-debian-clang | 7.13.9 | 26.54 | 212.46 | 239.00 | OK | |
r-devel-linux-x86_64-debian-gcc | 7.13.9 | 17.16 | 148.96 | 166.12 | NOTE | |
r-devel-linux-x86_64-fedora-clang | 7.13.9 | 306.59 | NOTE | |||
r-devel-linux-x86_64-fedora-gcc | 7.13.9 | 280.82 | NOTE | |||
r-prerel-macos-arm64 | 7.13.9 | 70.00 | OK | |||
r-prerel-macos-x86_64 | 7.13.9 | 184.00 | OK | |||
r-prerel-windows-x86_64 | 7.13.9 | 23.00 | 211.00 | 234.00 | OK | |
r-patched-linux-x86_64 | 7.13.9 | 30.00 | 193.12 | 223.12 | OK | |
r-release-linux-x86_64 | 7.13.9 | 21.62 | 196.90 | 218.52 | OK | |
r-release-macos-arm64 | 7.13.9 | 79.00 | OK | |||
r-release-macos-x86_64 | 7.13.9 | 163.00 | OK | |||
r-release-windows-x86_64 | 7.13.9 | 29.00 | 255.00 | 284.00 | OK | |
r-oldrel-macos-arm64 | 7.13.9 | 75.00 | OK | |||
r-oldrel-windows-x86_64 | 7.13.9 | 30.00 | 218.00 | 248.00 | OK |
Version: 7.13.9
Check: compiled code
Result: NOTE
File ‘drake/libs/drake.so’:
Found non-API call to R: ‘SET_ENVFLAGS’
Compiled code should not call non-API entry points in R.
See ‘Writing portable packages’ in the ‘Writing R Extensions’ manual.
Flavors: r-devel-linux-x86_64-debian-gcc, r-devel-linux-x86_64-fedora-clang, r-devel-linux-x86_64-fedora-gcc