Last updated on 2024-07-23 18:58:56 CEST.
Flavor | Version | Tinstall | Tcheck | Ttotal | Status | Flags |
---|---|---|---|---|---|---|
r-devel-linux-x86_64-debian-clang | 1.1.10 | 28.18 | 83.11 | 111.29 | OK | |
r-devel-linux-x86_64-debian-gcc | 1.1.10 | 19.56 | 62.38 | 81.94 | NOTE | |
r-devel-linux-x86_64-fedora-clang | 1.1.10 | 146.79 | OK | |||
r-devel-linux-x86_64-fedora-gcc | 1.1.10 | 140.34 | OK | |||
r-devel-windows-x86_64 | 1.1.10 | 24.00 | 91.00 | 115.00 | NOTE | |
r-patched-linux-x86_64 | 1.1.10 | 32.01 | 80.19 | 112.20 | OK | |
r-release-linux-x86_64 | 1.1.10 | 22.41 | 80.34 | 102.75 | OK | |
r-release-macos-arm64 | 1.1.10 | 41.00 | OK | |||
r-release-macos-x86_64 | 1.1.10 | 65.00 | OK | |||
r-release-windows-x86_64 | 1.1.10 | 26.00 | 95.00 | 121.00 | OK | |
r-oldrel-macos-arm64 | 1.1.10 | 43.00 | OK | |||
r-oldrel-macos-x86_64 | 1.1.10 | 71.00 | OK | |||
r-oldrel-windows-x86_64 | 1.1.10 | 28.00 | 113.00 | 141.00 | OK |
Version: 1.1.10
Check: Rd cross-references
Result: NOTE
Found the following Rd file(s) with Rd \link{} targets missing package
anchors:
findRoots.Rd: nleqslv
Please provide package anchors for all Rd \link{} targets not in the
package itself and the base packages.
Flavors: r-devel-linux-x86_64-debian-gcc, r-devel-windows-x86_64