Last updated on 2025-11-23 17:50:10 CET.
| Flavor | Version | Tinstall | Tcheck | Ttotal | Status | Flags |
|---|---|---|---|---|---|---|
| r-devel-linux-x86_64-debian-clang | 0.0.3 | 13.50 | 186.92 | 200.42 | NOTE | |
| r-devel-linux-x86_64-debian-gcc | 0.0.3 | 8.54 | 146.37 | 154.91 | NOTE | |
| r-devel-linux-x86_64-fedora-clang | 0.0.3 | 30.00 | 312.43 | 342.43 | NOTE | |
| r-devel-linux-x86_64-fedora-gcc | 0.0.3 | 28.00 | 345.38 | 373.38 | NOTE | |
| r-devel-windows-x86_64 | 0.0.3 | 16.00 | 186.00 | 202.00 | NOTE | |
| r-patched-linux-x86_64 | 0.0.3 | 13.23 | 176.92 | 190.15 | NOTE | |
| r-release-linux-x86_64 | 0.0.3 | 11.85 | 175.93 | 187.78 | NOTE | |
| r-release-macos-arm64 | 0.0.3 | NOTE | ||||
| r-release-macos-x86_64 | 0.0.3 | 10.00 | 166.00 | 176.00 | NOTE | |
| r-release-windows-x86_64 | 0.0.3 | 13.00 | 176.00 | 189.00 | NOTE | |
| r-oldrel-macos-arm64 | 0.0.3 | NOTE | ||||
| r-oldrel-macos-x86_64 | 0.0.3 | 8.00 | 126.00 | 134.00 | NOTE | |
| r-oldrel-windows-x86_64 | 0.0.3 | 17.00 | 253.00 | 270.00 | NOTE |
Version: 0.0.3
Check: CRAN incoming feasibility
Result: NOTE
Maintainer: ‘Manjari Das <manjari8d@gmail.com>’
The Description field contains
Kennedy EH, and Jewell NP (2021) <arXiv:2104.14091>. The estimator is
Please refer to arXiv e-prints via their arXiv DOI <doi:10.48550/arXiv.YYMM.NNNNN>.
Flavors: r-devel-linux-x86_64-debian-clang, r-devel-linux-x86_64-debian-gcc
Version: 0.0.3
Check: Rd files
Result: NOTE
checkRd: (-1) popsize.Rd:70: Lost braces in \itemize; \value handles \item{}{} directly
checkRd: (-1) popsize.Rd:71: Lost braces in \itemize; \value handles \item{}{} directly
checkRd: (-1) popsize.Rd:72: Lost braces in \itemize; \value handles \item{}{} directly
checkRd: (-1) popsize.Rd:73: Lost braces in \itemize; \value handles \item{}{} directly
checkRd: (-1) popsize.Rd:74: Lost braces in \itemize; \value handles \item{}{} directly
checkRd: (-1) popsize.Rd:75: Lost braces in \itemize; \value handles \item{}{} directly
checkRd: (-1) popsize_cond.Rd:52: Lost braces in \itemize; \value handles \item{}{} directly
checkRd: (-1) popsize_cond.Rd:53: Lost braces in \itemize; \value handles \item{}{} directly
checkRd: (-1) popsize_cond.Rd:54: Lost braces in \itemize; \value handles \item{}{} directly
checkRd: (-1) popsize_cond.Rd:55: Lost braces in \itemize; \value handles \item{}{} directly
checkRd: (-1) popsize_cond.Rd:56: Lost braces in \itemize; \value handles \item{}{} directly
checkRd: (-1) popsize_cond.Rd:57: Lost braces in \itemize; \value handles \item{}{} directly
Flavors: r-devel-linux-x86_64-debian-clang, r-devel-linux-x86_64-debian-gcc, r-devel-linux-x86_64-fedora-clang, r-devel-linux-x86_64-fedora-gcc, r-devel-windows-x86_64, r-patched-linux-x86_64, r-release-linux-x86_64, r-release-macos-arm64, r-release-macos-x86_64, r-release-windows-x86_64, r-oldrel-macos-arm64, r-oldrel-macos-x86_64, r-oldrel-windows-x86_64