Last updated on 2025-11-23 05:50:15 CET.
| Flavor | Version | Tinstall | Tcheck | Ttotal | Status | Flags |
|---|---|---|---|---|---|---|
| r-devel-linux-x86_64-debian-clang | 0.1.0 | 2.85 | 25.09 | 27.94 | OK | |
| r-devel-linux-x86_64-debian-gcc | 0.1.0 | 1.94 | 20.32 | 22.26 | OK | |
| r-devel-linux-x86_64-fedora-clang | 0.1.0 | 41.48 | OK | |||
| r-devel-linux-x86_64-fedora-gcc | 0.1.0 | 39.04 | OK | |||
| r-devel-windows-x86_64 | 0.1.0 | 8.00 | 43.00 | 51.00 | OK | |
| r-patched-linux-x86_64 | 0.1.0 | 2.77 | 23.82 | 26.59 | OK | |
| r-release-linux-x86_64 | 0.1.0 | 2.70 | 23.91 | 26.61 | OK | |
| r-release-macos-arm64 | 0.1.0 | OK | ||||
| r-release-macos-x86_64 | 0.1.0 | 2.00 | 29.00 | 31.00 | OK | |
| r-release-windows-x86_64 | 0.1.0 | 6.00 | 48.00 | 54.00 | OK | |
| r-oldrel-macos-arm64 | 0.1.0 | NOTE | ||||
| r-oldrel-macos-x86_64 | 0.1.0 | 2.00 | 24.00 | 26.00 | NOTE | |
| r-oldrel-windows-x86_64 | 0.1.0 | 7.00 | 49.00 | 56.00 | NOTE |
Version: 0.1.0
Check: LazyData
Result: NOTE
'LazyData' is specified without a 'data' directory
Flavors: r-oldrel-macos-arm64, r-oldrel-macos-x86_64, r-oldrel-windows-x86_64