Last updated on 2025-11-19 17:48:37 CET.
| Flavor | Version | Tinstall | Tcheck | Ttotal | Status | Flags |
|---|---|---|---|---|---|---|
| r-devel-linux-x86_64-debian-clang | 1.0.4 | 2.55 | 49.81 | 52.36 | OK | |
| r-devel-linux-x86_64-debian-gcc | 1.0.4 | 1.83 | 36.04 | 37.87 | OK | |
| r-devel-linux-x86_64-fedora-clang | 1.0.4 | 80.62 | OK | |||
| r-devel-linux-x86_64-fedora-gcc | 1.0.4 | 637.86 | OK | |||
| r-devel-windows-x86_64 | 1.0.4 | 5.00 | 75.00 | 80.00 | OK | |
| r-patched-linux-x86_64 | 1.0.4 | 2.69 | 45.92 | 48.61 | OK | |
| r-release-linux-x86_64 | 1.0.4 | 2.55 | 46.97 | 49.52 | OK | |
| r-release-macos-arm64 | 1.0.4 | OK | ||||
| r-release-macos-x86_64 | 1.0.4 | 2.00 | 580.00 | 582.00 | OK | |
| r-release-windows-x86_64 | 1.0.4 | 4.00 | 72.00 | 76.00 | OK | |
| r-oldrel-macos-arm64 | 1.0.4 | NOTE | ||||
| r-oldrel-macos-x86_64 | 1.0.4 | 2.00 | 573.00 | 575.00 | NOTE | |
| r-oldrel-windows-x86_64 | 1.0.4 | 4.00 | 86.00 | 90.00 | NOTE |
Version: 1.0.4
Check: package dependencies
Result: NOTE
Packages suggested but not available for checking: 'dsBaseClient', 'dsBase'
Flavors: r-oldrel-macos-arm64, r-oldrel-macos-x86_64
Version: 1.0.4
Check: package dependencies
Result: NOTE
Package suggested but not available for checking: 'dsBaseClient'
Flavor: r-oldrel-windows-x86_64