Last updated on 2025-11-23 05:50:15 CET.
| Flavor | Version | Tinstall | Tcheck | Ttotal | Status | Flags |
|---|---|---|---|---|---|---|
| r-devel-linux-x86_64-debian-clang | 0.1.2 | 2.36 | 37.05 | 39.41 | NOTE | |
| r-devel-linux-x86_64-debian-gcc | 0.1.2 | 1.70 | 28.66 | 30.36 | NOTE | |
| r-devel-linux-x86_64-fedora-clang | 0.1.2 | 60.97 | OK | |||
| r-devel-linux-x86_64-fedora-gcc | 0.1.2 | 71.48 | OK | |||
| r-devel-windows-x86_64 | 0.1.2 | 5.00 | 57.00 | 62.00 | OK | |
| r-patched-linux-x86_64 | 0.1.2 | 2.53 | 34.22 | 36.75 | OK | |
| r-release-linux-x86_64 | 0.1.2 | 2.38 | 34.51 | 36.89 | OK | |
| r-release-macos-arm64 | 0.1.2 | OK | ||||
| r-release-macos-x86_64 | 0.1.2 | 2.00 | 47.00 | 49.00 | OK | |
| r-release-windows-x86_64 | 0.1.2 | 4.00 | 55.00 | 59.00 | OK | |
| r-oldrel-macos-arm64 | 0.1.2 | OK | ||||
| r-oldrel-macos-x86_64 | 0.1.2 | 2.00 | 41.00 | 43.00 | OK | |
| r-oldrel-windows-x86_64 | 0.1.2 | 5.00 | 63.00 | 68.00 | OK |
Version: 0.1.2
Check: CRAN incoming feasibility
Result: NOTE
Maintainer: ‘Vathy M. Kamulete <vathymut@gmail.com>’
The Description field contains
<arXiv:1908.04000>. Modern notions of outlyingness such as trust scores
Please refer to arXiv e-prints via their arXiv DOI <doi:10.48550/arXiv.YYMM.NNNNN>.
Flavors: r-devel-linux-x86_64-debian-clang, r-devel-linux-x86_64-debian-gcc