Last updated on 2024-05-05 18:53:35 CEST.
Flavor | Version | Tinstall | Tcheck | Ttotal | Status | Flags |
---|---|---|---|---|---|---|
r-devel-linux-x86_64-debian-clang | 1.15 | 9.20 | 108.72 | 117.92 | OK | |
r-devel-linux-x86_64-debian-gcc | 1.15 | 7.75 | 82.47 | 90.22 | OK | |
r-devel-linux-x86_64-fedora-clang | 1.15 | 154.18 | OK | |||
r-devel-linux-x86_64-fedora-gcc | 1.15 | 152.84 | OK | |||
r-devel-windows-x86_64 | 1.15 | 8.00 | 107.00 | 115.00 | OK | |
r-patched-linux-x86_64 | 1.15 | 10.27 | 100.99 | 111.26 | OK | |
r-release-linux-x86_64 | 1.15 | 8.64 | 103.10 | 111.74 | OK | |
r-release-macos-arm64 | 1.15 | 55.00 | ERROR | |||
r-release-macos-x86_64 | 1.15 | 126.00 | OK | |||
r-release-windows-x86_64 | 1.15 | 9.00 | 111.00 | 120.00 | OK | |
r-oldrel-macos-arm64 | 1.15 | 59.00 | OK | |||
r-oldrel-macos-x86_64 | 1.15 | 136.00 | OK | |||
r-oldrel-windows-x86_64 | 1.15 | 12.00 | 121.00 | 133.00 | OK |
Version: 1.15
Check: re-building of vignette outputs
Result: ERROR
Error(s) in re-building vignettes:
...
--- re-building ‘eHOF.Rnw’ using knitr
Quitting from lines 57-67 [4site.echo] (eHOF.Rnw)
Error: processing vignette 'eHOF.Rnw' failed with diagnostics:
Timeout was reached: [germansl.infinitenature.org] Resolving timed out after 10007 milliseconds
--- failed re-building ‘eHOF.Rnw’
SUMMARY: processing the following file failed:
‘eHOF.Rnw’
Error: Vignette re-building failed.
Execution halted
Flavor: r-release-macos-arm64