Last updated on 2025-11-23 17:50:12 CET.
| Flavor | Version | Tinstall | Tcheck | Ttotal | Status | Flags |
|---|---|---|---|---|---|---|
| r-devel-linux-x86_64-debian-clang | 0.4.2 | 10.39 | 89.66 | 100.05 | NOTE | |
| r-devel-linux-x86_64-debian-gcc | 0.4.2 | 6.31 | 63.51 | 69.82 | NOTE | |
| r-devel-linux-x86_64-fedora-clang | 0.4.2 | 24.00 | 133.45 | 157.45 | NOTE | |
| r-devel-linux-x86_64-fedora-gcc | 0.4.2 | 21.00 | 128.83 | 149.83 | NOTE | |
| r-devel-windows-x86_64 | 0.4.2 | 16.00 | 103.00 | 119.00 | NOTE | |
| r-patched-linux-x86_64 | 0.4.2 | 9.32 | 83.53 | 92.85 | NOTE | |
| r-release-linux-x86_64 | 0.4.2 | 8.78 | 83.47 | 92.25 | NOTE | |
| r-release-macos-arm64 | 0.4.2 | NOTE | ||||
| r-release-macos-x86_64 | 0.4.2 | 8.00 | 66.00 | 74.00 | NOTE | |
| r-release-windows-x86_64 | 0.4.2 | 12.00 | 101.00 | 113.00 | NOTE | |
| r-oldrel-macos-arm64 | 0.4.2 | NOTE | ||||
| r-oldrel-macos-x86_64 | 0.4.2 | 9.00 | 59.00 | 68.00 | NOTE | |
| r-oldrel-windows-x86_64 | 0.4.2 | 15.00 | 120.00 | 135.00 | NOTE |
Version: 0.4.2
Check: Rd files
Result: NOTE
checkRd: (-1) USA_state_N.Rd:10: Lost braces in \itemize; meant \describe ?
checkRd: (-1) USA_state_N.Rd:11: Lost braces in \itemize; meant \describe ?
checkRd: (-1) confirmed.Rd:10: Lost braces in \itemize; meant \describe ?
checkRd: (-1) confirmed.Rd:11: Lost braces in \itemize; meant \describe ?
checkRd: (-1) death.Rd:10: Lost braces in \itemize; meant \describe ?
checkRd: (-1) death.Rd:11: Lost braces in \itemize; meant \describe ?
checkRd: (-1) recovered.Rd:10: Lost braces in \itemize; meant \describe ?
checkRd: (-1) recovered.Rd:11: Lost braces in \itemize; meant \describe ?
Flavors: r-devel-linux-x86_64-debian-clang, r-devel-linux-x86_64-debian-gcc, r-devel-linux-x86_64-fedora-clang, r-devel-linux-x86_64-fedora-gcc, r-devel-windows-x86_64, r-patched-linux-x86_64, r-release-linux-x86_64, r-release-macos-arm64, r-release-macos-x86_64, r-release-windows-x86_64, r-oldrel-macos-arm64, r-oldrel-macos-x86_64, r-oldrel-windows-x86_64