Last updated on 2024-04-23 06:56:54 CEST.
Flavor | Version | Tinstall | Tcheck | Ttotal | Status | Flags |
---|---|---|---|---|---|---|
r-devel-linux-x86_64-debian-clang | 5.3.3 | 24.18 | 101.73 | 125.91 | OK | |
r-devel-linux-x86_64-debian-gcc | 5.3.3 | 14.89 | 70.93 | 85.82 | OK | |
r-devel-linux-x86_64-fedora-clang | 5.3.3 | 150.33 | NOTE | |||
r-devel-linux-x86_64-fedora-gcc | 5.3.3 | 142.32 | OK | |||
r-prerel-macos-arm64 | 5.3.3 | 39.00 | OK | |||
r-prerel-macos-x86_64 | 5.3.3 | 103.00 | OK | |||
r-prerel-windows-x86_64 | 5.3.3 | 20.00 | 85.00 | 105.00 | OK | |
r-patched-linux-x86_64 | 5.3.3 | 17.48 | 93.21 | 110.69 | OK | |
r-release-linux-x86_64 | 5.3.3 | 18.15 | 95.15 | 113.30 | OK | |
r-release-macos-arm64 | 5.3.3 | 45.00 | OK | |||
r-release-macos-x86_64 | 5.3.3 | 90.00 | OK | |||
r-release-windows-x86_64 | 5.3.3 | 26.00 | 102.00 | 128.00 | OK | |
r-oldrel-macos-arm64 | 5.3.3 | 43.00 | OK | |||
r-oldrel-windows-x86_64 | 5.3.3 | 25.00 | 99.00 | 124.00 | OK |
Version: 5.3.3
Check: Rd cross-references
Result: NOTE
Undeclared package ‘leaps’ in Rd xrefs
Flavor: r-devel-linux-x86_64-fedora-clang