Last updated on 2025-11-23 05:50:15 CET.
| Flavor | Version | Tinstall | Tcheck | Ttotal | Status | Flags |
|---|---|---|---|---|---|---|
| r-devel-linux-x86_64-debian-clang | 4.0 | 8.47 | 53.49 | 61.96 | NOTE | |
| r-devel-linux-x86_64-debian-gcc | 4.0 | 5.32 | 35.98 | 41.30 | NOTE | |
| r-devel-linux-x86_64-fedora-clang | 4.0 | 18.00 | 80.33 | 98.33 | OK | |
| r-devel-linux-x86_64-fedora-gcc | 4.0 | 16.00 | 72.86 | 88.86 | OK | |
| r-devel-windows-x86_64 | 4.0 | 13.00 | 62.00 | 75.00 | OK | |
| r-patched-linux-x86_64 | 4.0 | 7.87 | 48.86 | 56.73 | OK | |
| r-release-linux-x86_64 | 4.0 | 7.49 | 49.24 | 56.73 | OK | |
| r-release-macos-arm64 | 4.0 | OK | ||||
| r-release-macos-x86_64 | 4.0 | 8.00 | 44.00 | 52.00 | OK | |
| r-release-windows-x86_64 | 4.0 | 9.00 | 72.00 | 81.00 | OK | |
| r-oldrel-macos-arm64 | 4.0 | OK | ||||
| r-oldrel-macos-x86_64 | 4.0 | 5.00 | 35.00 | 40.00 | OK | |
| r-oldrel-windows-x86_64 | 4.0 | 13.00 | 74.00 | 87.00 | OK |
Version: 4.0
Check: CRAN incoming feasibility
Result: NOTE
Maintainer: ‘Emmanuel Arnhold <emmanuelarnhold@yahoo.com.br>’
No Authors@R field in DESCRIPTION.
Please add one, modifying
Authors@R: person(given = "Emmanuel",
family = "Arnhold",
role = c("aut", "cre"),
email = "emmanuelarnhold@yahoo.com.br")
as necessary.
Package CITATION file contains call(s) to old-style personList() or
as.personList(). Please use c() on person objects instead.
Package CITATION file contains call(s) to old-style citEntry(). Please
use bibentry() instead.
Flavors: r-devel-linux-x86_64-debian-clang, r-devel-linux-x86_64-debian-gcc