Last updated on 2024-04-23 18:50:53 CEST.
Flavor | Version | Tinstall | Tcheck | Ttotal | Status | Flags |
---|---|---|---|---|---|---|
r-devel-linux-x86_64-debian-clang | 1.0.0 | 9.53 | 270.98 | 280.51 | OK | |
r-devel-linux-x86_64-debian-gcc | 1.0.0 | 10.37 | 195.25 | 205.62 | OK | |
r-devel-linux-x86_64-fedora-clang | 1.0.0 | 359.22 | OK | |||
r-devel-linux-x86_64-fedora-gcc | 1.0.0 | 357.57 | OK | |||
r-prerel-macos-arm64 | 1.0.0 | 98.00 | OK | |||
r-prerel-windows-x86_64 | 1.0.0 | 11.00 | 224.00 | 235.00 | OK | |
r-patched-linux-x86_64 | 1.0.0 | 15.91 | 260.04 | 275.95 | OK | |
r-release-linux-x86_64 | 1.0.0 | 14.08 | 275.61 | 289.69 | OK | |
r-release-macos-arm64 | 1.0.0 | 120.00 | OK | |||
r-release-macos-x86_64 | 1.0.0 | 181.00 | NOTE | |||
r-release-windows-x86_64 | 1.0.0 | 15.00 | 259.00 | 274.00 | OK | |
r-oldrel-macos-arm64 | 1.0.0 | 114.00 | OK | |||
r-oldrel-windows-x86_64 | 1.0.0 | 17.00 | 256.00 | 273.00 | OK |
Version: 1.0.0
Check: package dependencies
Result: NOTE
Package suggested but not available for checking: ‘untb’
Flavor: r-release-macos-x86_64