Last updated on 2024-07-03 18:57:35 CEST.
Flavor | Version | Tinstall | Tcheck | Ttotal | Status | Flags |
---|---|---|---|---|---|---|
r-devel-linux-x86_64-debian-clang | 0.7.0 | 66.76 | 141.35 | 208.11 | OK | |
r-devel-linux-x86_64-debian-gcc | 0.7.0 | 49.58 | 105.74 | 155.32 | OK | |
r-devel-linux-x86_64-fedora-clang | 0.7.0 | 275.51 | OK | |||
r-devel-linux-x86_64-fedora-gcc | 0.7.0 | 280.13 | OK | |||
r-devel-windows-x86_64 | 0.7.0 | 56.00 | 125.00 | 181.00 | OK | |
r-patched-linux-x86_64 | 0.7.0 | 60.09 | 135.77 | 195.86 | OK | |
r-release-linux-x86_64 | 0.7.0 | 62.33 | 135.86 | 198.19 | OK | |
r-release-macos-arm64 | 0.7.0 | 65.00 | NOTE | |||
r-release-macos-x86_64 | 0.7.0 | 92.00 | NOTE | |||
r-release-windows-x86_64 | 0.7.0 | 56.00 | 128.00 | 184.00 | OK | |
r-oldrel-macos-arm64 | 0.7.0 | 78.00 | NOTE | |||
r-oldrel-macos-x86_64 | 0.7.0 | 126.00 | NOTE | |||
r-oldrel-windows-x86_64 | 0.7.0 | 71.00 | 165.00 | 236.00 | OK |
Version: 0.7.0
Check: installed package size
Result: NOTE
installed size is 13.4Mb
sub-directories of 1Mb or more:
libs 13.3Mb
Flavors: r-release-macos-arm64, r-release-macos-x86_64, r-oldrel-macos-arm64, r-oldrel-macos-x86_64