CRAN Package Check Results for Package ecoval

Last updated on 2025-11-23 05:50:15 CET.

Flavor Version Tinstall Tcheck Ttotal Status Flags
r-devel-linux-x86_64-debian-clang 1.2.9 13.16 76.70 89.86 NOTE
r-devel-linux-x86_64-debian-gcc 1.2.9 8.13 49.68 57.81 NOTE
r-devel-linux-x86_64-fedora-clang 1.2.9 77.00 76.07 153.07 NOTE
r-devel-linux-x86_64-fedora-gcc 1.2.9 85.00 65.19 150.19 NOTE
r-devel-windows-x86_64 1.2.9 19.00 81.00 100.00 NOTE
r-patched-linux-x86_64 1.2.9 13.55 68.68 82.23 OK
r-release-linux-x86_64 1.2.9 14.00 68.92 82.92 OK
r-release-macos-arm64 1.2.9 OK
r-release-macos-x86_64 1.2.9 11.00 58.00 69.00 OK
r-release-windows-x86_64 1.2.9 15.00 95.00 110.00 OK
r-oldrel-macos-arm64 1.2.9 OK
r-oldrel-macos-x86_64 1.2.9 11.00 48.00 59.00 OK
r-oldrel-windows-x86_64 1.2.9 19.00 99.00 118.00 OK

Check Details

Version: 1.2.9
Check: CRAN incoming feasibility
Result: NOTE Maintainer: ‘Nele Schuwirth <nele.schuwirth@eawag.ch>’ No Authors@R field in DESCRIPTION. Please add one, modifying Authors@R: c(person(given = "Nele", family = "Schuwirth", role = c("aut", "cre"), email = "nele.schuwirth@eawag.ch"), person(given = c("Peter", "Reichert", "with", "contributions", "by", "Simone"), family = "Langhans", role = "aut", email = "peter.reichert@eawag.ch"), person(given = "Christian", family = "Michel", role = "aut")) as necessary. Flavors: r-devel-linux-x86_64-debian-clang, r-devel-linux-x86_64-debian-gcc

Version: 1.2.9
Check: Rd files
Result: NOTE checkRd: (-1) lake.morphol.2016.create.Rd:39: height/width attributes should be in pixels checkRd: (-1) lake.morphol.2016.create.Rd:41: height/width attributes should be in pixels checkRd: (-1) lake.morphol.2016.create.Rd:43: height/width attributes should be in pixels Flavors: r-devel-linux-x86_64-debian-clang, r-devel-linux-x86_64-debian-gcc, r-devel-linux-x86_64-fedora-clang, r-devel-linux-x86_64-fedora-gcc, r-devel-windows-x86_64