Last updated on 2024-07-03 18:57:35 CEST.
Flavor | Version | Tinstall | Tcheck | Ttotal | Status | Flags |
---|---|---|---|---|---|---|
r-devel-linux-x86_64-debian-clang | 1.2.9 | 14.85 | 95.09 | 109.94 | OK | |
r-devel-linux-x86_64-debian-gcc | 1.2.9 | 11.97 | 64.79 | 76.76 | OK | |
r-devel-linux-x86_64-fedora-clang | 1.2.9 | 135.53 | NOTE | |||
r-devel-linux-x86_64-fedora-gcc | 1.2.9 | 126.39 | NOTE | |||
r-devel-windows-x86_64 | 1.2.9 | 14.00 | 82.00 | 96.00 | OK | |
r-patched-linux-x86_64 | 1.2.9 | 17.21 | 86.05 | 103.26 | OK | |
r-release-linux-x86_64 | 1.2.9 | 17.16 | 88.78 | 105.94 | OK | |
r-release-macos-arm64 | 1.2.9 | 33.00 | OK | |||
r-release-macos-x86_64 | 1.2.9 | 59.00 | OK | |||
r-release-windows-x86_64 | 1.2.9 | 14.00 | 82.00 | 96.00 | OK | |
r-oldrel-macos-arm64 | 1.2.9 | 34.00 | OK | |||
r-oldrel-macos-x86_64 | 1.2.9 | 58.00 | OK | |||
r-oldrel-windows-x86_64 | 1.2.9 | 13.00 | 95.00 | 108.00 | OK |
Version: 1.2.9
Check: data for non-ASCII characters
Result: NOTE
Note: found 5 marked UTF-8 strings
Flavors: r-devel-linux-x86_64-fedora-clang, r-devel-linux-x86_64-fedora-gcc