CRAN Package Check Results for Package ed50

Last updated on 2025-11-23 05:50:15 CET.

Flavor Version Tinstall Tcheck Ttotal Status Flags
r-devel-linux-x86_64-debian-clang 0.1.1 2.32 26.12 28.44 NOTE
r-devel-linux-x86_64-debian-gcc 0.1.1 1.98 20.21 22.19 NOTE
r-devel-linux-x86_64-fedora-clang 0.1.1 42.42 OK
r-devel-linux-x86_64-fedora-gcc 0.1.1 39.61 OK
r-devel-windows-x86_64 0.1.1 4.00 43.00 47.00 OK
r-patched-linux-x86_64 0.1.1 2.40 24.27 26.67 OK
r-release-linux-x86_64 0.1.1 2.31 24.62 26.93 OK
r-release-macos-arm64 0.1.1 OK
r-release-macos-x86_64 0.1.1 2.00 27.00 29.00 OK
r-release-windows-x86_64 0.1.1 3.00 52.00 55.00 OK
r-oldrel-macos-arm64 0.1.1 OK
r-oldrel-macos-x86_64 0.1.1 2.00 21.00 23.00 OK
r-oldrel-windows-x86_64 0.1.1 3.00 49.00 52.00 OK

Check Details

Version: 0.1.1
Check: CRAN incoming feasibility
Result: NOTE Maintainer: ‘Yongbo Gan <yongbogan@whu.edu.cn>’ No Authors@R field in DESCRIPTION. Please add one, modifying Authors@R: c(person(given = "Yongbo", family = "Gan", role = c("aut", "cre"), email = "yongbogan@whu.edu.cn"), person(given = "Zhijian", family = "Yang", role = "aut"), person(given = "Wei", family = "Mei", role = "aut")) as necessary. Flavors: r-devel-linux-x86_64-debian-clang, r-devel-linux-x86_64-debian-gcc