Last updated on 2024-03-28 17:49:26 CET.
Flavor | Version | Tinstall | Tcheck | Ttotal | Status | Flags |
---|---|---|---|---|---|---|
r-devel-linux-x86_64-debian-clang | 1.2.1 | 3.77 | 52.51 | 56.28 | NOTE | |
r-devel-linux-x86_64-debian-gcc | 1.2.1 | 3.48 | 38.71 | 42.19 | NOTE | |
r-devel-linux-x86_64-fedora-clang | 1.2.1 | 69.79 | NOTE | |||
r-devel-linux-x86_64-fedora-gcc | 1.2.1 | 80.36 | NOTE | |||
r-devel-windows-x86_64 | 1.2.1 | 4.00 | 57.00 | 61.00 | NOTE | |
r-patched-linux-x86_64 | 1.2.1 | 4.15 | 50.83 | 54.98 | NOTE | |
r-release-linux-x86_64 | 1.2.1 | 5.46 | 48.18 | 53.64 | NOTE | |
r-release-macos-arm64 | 1.2.1 | 29.00 | NOTE | |||
r-release-macos-x86_64 | 1.2.1 | 46.00 | NOTE | |||
r-release-windows-x86_64 | 1.2.1 | 4.00 | 63.00 | 67.00 | NOTE | |
r-oldrel-macos-arm64 | 1.2.1 | 23.00 | NOTE | |||
r-oldrel-windows-x86_64 | 1.2.1 | 6.00 | 64.00 | 70.00 | NOTE |
Version: 1.2.1
Check: LazyData
Result: NOTE
'LazyData' is specified without a 'data' directory
Flavors: r-devel-linux-x86_64-debian-clang, r-devel-linux-x86_64-debian-gcc, r-devel-linux-x86_64-fedora-clang, r-devel-linux-x86_64-fedora-gcc, r-devel-windows-x86_64, r-patched-linux-x86_64, r-release-linux-x86_64, r-release-macos-arm64, r-release-macos-x86_64, r-release-windows-x86_64, r-oldrel-macos-arm64, r-oldrel-windows-x86_64