Last updated on 2024-07-03 18:57:35 CEST.
Flavor | Version | Tinstall | Tcheck | Ttotal | Status | Flags |
---|---|---|---|---|---|---|
r-devel-linux-x86_64-debian-clang | 1.2.0 | 2.93 | 26.41 | 29.34 | NOTE | |
r-devel-linux-x86_64-debian-gcc | 1.2.0 | 2.30 | 19.84 | 22.14 | NOTE | |
r-devel-linux-x86_64-fedora-clang | 1.2.0 | 37.11 | NOTE | |||
r-devel-linux-x86_64-fedora-gcc | 1.2.0 | 34.99 | NOTE | |||
r-devel-windows-x86_64 | 1.2.0 | 4.00 | 40.00 | 44.00 | NOTE | |
r-patched-linux-x86_64 | 1.2.0 | 3.77 | 25.35 | 29.12 | NOTE | |
r-release-linux-x86_64 | 1.2.0 | 3.10 | 24.54 | 27.64 | NOTE | |
r-release-macos-arm64 | 1.2.0 | 15.00 | NOTE | |||
r-release-macos-x86_64 | 1.2.0 | 21.00 | NOTE | |||
r-release-windows-x86_64 | 1.2.0 | 4.00 | 40.00 | 44.00 | NOTE | |
r-oldrel-macos-arm64 | 1.2.0 | 16.00 | OK | |||
r-oldrel-macos-x86_64 | 1.2.0 | 22.00 | OK | |||
r-oldrel-windows-x86_64 | 1.2.0 | 4.00 | 41.00 | 45.00 | OK |
Version: 1.2.0
Check: Rd files
Result: NOTE
checkRd: (-1) items_ordered_eclsk_atl.Rd:23: Lost braces; missing escapes or markup?
23 | \item \code{P4SRS10}: Keep working at something until {he/she} is finished?
| ^
Flavors: r-devel-linux-x86_64-debian-clang, r-devel-linux-x86_64-debian-gcc, r-devel-linux-x86_64-fedora-clang, r-devel-linux-x86_64-fedora-gcc, r-devel-windows-x86_64, r-patched-linux-x86_64, r-release-linux-x86_64, r-release-macos-arm64, r-release-macos-x86_64, r-release-windows-x86_64