CRAN Package Check Results for Package elliplot

Last updated on 2025-11-26 05:51:33 CET.

Flavor Version Tinstall Tcheck Ttotal Status Flags
r-devel-linux-x86_64-debian-clang 1.3.0 1.51 24.02 25.53 NOTE
r-devel-linux-x86_64-debian-gcc 1.3.0 1.37 19.31 20.68 NOTE
r-devel-linux-x86_64-fedora-clang 1.3.0 37.35 OK
r-devel-linux-x86_64-fedora-gcc 1.3.0 35.94 OK
r-devel-windows-x86_64 1.3.0 3.00 49.00 52.00 OK
r-patched-linux-x86_64 1.3.0 2.09 22.14 24.23 OK
r-release-linux-x86_64 1.3.0 1.87 21.98 23.85 OK
r-release-macos-arm64 1.3.0 OK
r-release-macos-x86_64 1.3.0 2.00 27.00 29.00 OK
r-release-windows-x86_64 1.3.0 2.00 49.00 51.00 OK
r-oldrel-macos-arm64 1.3.0 OK
r-oldrel-macos-x86_64 1.3.0 2.00 27.00 29.00 OK
r-oldrel-windows-x86_64 1.3.0 3.00 48.00 51.00 OK

Check Details

Version: 1.3.0
Check: CRAN incoming feasibility
Result: NOTE Maintainer: ‘Shinichiro Tomizono <cowares@gmail.com>’ No Authors@R field in DESCRIPTION. Please add one, modifying Authors@R: person(given = "Shinichiro", family = "Tomizono", role = c("aut", "cre"), email = "cowares@gmail.com") as necessary. Flavors: r-devel-linux-x86_64-debian-clang, r-devel-linux-x86_64-debian-gcc