Last updated on 2025-11-23 05:50:15 CET.
| Flavor | Version | Tinstall | Tcheck | Ttotal | Status | Flags |
|---|---|---|---|---|---|---|
| r-devel-linux-x86_64-debian-clang | 1.1-28 | 36.54 | 260.36 | 296.90 | OK | |
| r-devel-linux-x86_64-debian-gcc | 1.1-28 | 23.16 | 165.06 | 188.22 | OK | |
| r-devel-linux-x86_64-fedora-clang | 1.1-28 | 77.00 | 395.10 | 472.10 | NOTE | |
| r-devel-linux-x86_64-fedora-gcc | 1.1-28 | 79.00 | 390.88 | 469.88 | NOTE | |
| r-devel-windows-x86_64 | 1.1-28 | 44.00 | 206.00 | 250.00 | OK | |
| r-patched-linux-x86_64 | 1.1-28 | 36.91 | 250.13 | 287.04 | OK | |
| r-release-linux-x86_64 | 1.1-28 | 36.96 | 247.53 | 284.49 | OK | |
| r-release-macos-arm64 | 1.1-28 | OK | ||||
| r-release-macos-x86_64 | 1.1-28 | 31.00 | 261.00 | 292.00 | OK | |
| r-release-windows-x86_64 | 1.1-28 | 41.00 | 234.00 | 275.00 | OK | |
| r-oldrel-macos-arm64 | 1.1-28 | OK | ||||
| r-oldrel-macos-x86_64 | 1.1-28 | 21.00 | 163.00 | 184.00 | OK | |
| r-oldrel-windows-x86_64 | 1.1-28 | 51.00 | 278.00 | 329.00 | OK |
Version: 1.1-28
Check: compiled code
Result: NOTE
File ‘elsa/libs/elsa.so’:
Found no calls to: ‘R_registerRoutines’, ‘R_useDynamicSymbols’
It is good practice to register native routines and to disable symbol
search.
See ‘Writing portable packages’ in the ‘Writing R Extensions’ manual.
Flavors: r-devel-linux-x86_64-fedora-clang, r-devel-linux-x86_64-fedora-gcc