CRAN Package Check Results for Package emIRT

Last updated on 2025-07-27 18:51:19 CEST.

Flavor Version Tinstall Tcheck Ttotal Status Flags
r-devel-linux-x86_64-debian-clang 0.0.14 646.35 45.04 691.39 NOTE
r-devel-linux-x86_64-debian-gcc 0.0.14 403.20 32.17 435.37 NOTE
r-devel-linux-x86_64-fedora-clang 0.0.14 1560.08 OK
r-devel-linux-x86_64-fedora-gcc 0.0.14 1126.94 OK
r-devel-windows-x86_64 0.0.14 731.00 103.00 834.00 OK
r-patched-linux-x86_64 0.0.14 586.34 42.10 628.44 OK
r-release-linux-x86_64 0.0.14 567.35 42.44 609.79 OK
r-release-macos-arm64 0.0.14 225.00 OK
r-release-macos-x86_64 0.0.14 189.00 OK
r-release-windows-x86_64 0.0.14 710.00 96.00 806.00 OK
r-oldrel-macos-arm64 0.0.14 274.00 NOTE
r-oldrel-macos-x86_64 0.0.14 221.00 NOTE
r-oldrel-windows-x86_64 0.0.14 850.00 120.00 970.00 OK

Check Details

Version: 0.0.14
Check: CRAN incoming feasibility
Result: NOTE Maintainer: ‘Kosuke Imai <imai@harvard.edu>’ No Authors@R field in DESCRIPTION. Please add one, modifying Authors@R: c(person(given = "Kosuke", family = "Imai", role = c("aut", "cre"), email = "imai@harvard.edu"), person(given = "James", family = "Lo", role = "aut", email = "jameslo989@gmail.com"), person(given = "Jonathan", family = "Olmsted", role = "aut", email = "jpolmsted@gmail.com")) as necessary. Flavors: r-devel-linux-x86_64-debian-clang, r-devel-linux-x86_64-debian-gcc

Version: 0.0.14
Check: installed package size
Result: NOTE installed size is 18.1Mb sub-directories of 1Mb or more: data 2.0Mb libs 15.9Mb Flavors: r-oldrel-macos-arm64, r-oldrel-macos-x86_64