Last updated on 2025-07-21 06:49:25 CEST.
Flavor | Version | Tinstall | Tcheck | Ttotal | Status | Flags |
---|---|---|---|---|---|---|
r-devel-linux-x86_64-debian-clang | 1.1.5 | 15.04 | 187.61 | 202.65 | OK | |
r-devel-linux-x86_64-debian-gcc | 1.1.5 | 9.73 | 132.25 | 141.98 | ERROR | |
r-devel-linux-x86_64-fedora-clang | 1.1.5 | 313.22 | OK | |||
r-devel-linux-x86_64-fedora-gcc | 1.1.5 | 301.43 | OK | |||
r-devel-windows-x86_64 | 1.1.5 | 16.00 | 254.00 | 270.00 | OK | |
r-patched-linux-x86_64 | 1.1.5 | 15.04 | 174.56 | 189.60 | OK | |
r-release-linux-x86_64 | 1.1.5 | 14.64 | 174.11 | 188.75 | OK | |
r-release-macos-arm64 | 1.1.5 | 83.00 | OK | |||
r-release-macos-x86_64 | 1.1.5 | 101.00 | OK | |||
r-release-windows-x86_64 | 1.1.5 | 15.00 | 271.00 | 286.00 | OK | |
r-oldrel-macos-arm64 | 1.1.5 | 92.00 | OK | |||
r-oldrel-macos-x86_64 | 1.1.5 | 174.00 | OK | |||
r-oldrel-windows-x86_64 | 1.1.5 | 21.00 | 277.00 | 298.00 | OK |
Version: 1.1.5
Check: tests
Result: ERROR
Running ‘testthat.R’ [49s/65s]
Running the tests in ‘tests/testthat.R’ failed.
Complete output:
> library(testthat)
> library(embed)
Loading required package: recipes
Loading required package: dplyr
Attaching package: 'dplyr'
The following object is masked from 'package:testthat':
matches
The following objects are masked from 'package:stats':
filter, lag
The following objects are masked from 'package:base':
intersect, setdiff, setequal, union
Attaching package: 'recipes'
The following object is masked from 'package:stats':
step
>
> test_check("embed")
Error in python_config_impl(python) :
Error running '/tmp/check-CRAN-regular-hornik/cache/R/reticulate/uv/cache/builds-v0/.tmpYc5rHS/bin/python': No such file.
Error in python_config_impl(python) :
Error running '/tmp/check-CRAN-regular-hornik/cache/R/reticulate/uv/cache/builds-v0/.tmpvpA9QD/bin/python': No such file.
Error in python_config_impl(python) :
Error running '/tmp/check-CRAN-regular-hornik/cache/R/reticulate/uv/cache/builds-v0/.tmpfGCcOg/bin/python': No such file.
Error in python_config_impl(python) :
Error running '/tmp/check-CRAN-regular-hornik/cache/R/reticulate/uv/cache/builds-v0/.tmpGOdhLl/bin/python': No such file.
Error in python_config_impl(python) :
Error running '/tmp/check-CRAN-regular-hornik/cache/R/reticulate/uv/cache/builds-v0/.tmpYCcREC/bin/python': No such file.
Error in python_config_impl(python) :
Error running '/tmp/check-CRAN-regular-hornik/cache/R/reticulate/uv/cache/builds-v0/.tmp1kzde7/bin/python': No such file.
Error in python_config_impl(python) :
Error running '/tmp/check-CRAN-regular-hornik/cache/R/reticulate/uv/cache/builds-v0/.tmpLjAYUx/bin/python': No such file.
Error in python_config_impl(python) :
Error running '/tmp/check-CRAN-regular-hornik/cache/R/reticulate/uv/cache/builds-v0/.tmpQcSyR3/bin/python': No such file.
Error in python_config_impl(python) :
Error running '/tmp/check-CRAN-regular-hornik/cache/R/reticulate/uv/cache/builds-v0/.tmp7QObJ1/bin/python': No such file.
Error in python_config_impl(python) :
Error running '/tmp/check-CRAN-regular-hornik/cache/R/reticulate/uv/cache/builds-v0/.tmpVdTAL9/bin/python': No such file.
Error in python_config_impl(python) :
Error running '/tmp/check-CRAN-regular-hornik/cache/R/reticulate/uv/cache/builds-v0/.tmp4udteX/bin/python': No such file.
Error in python_config_impl(python) :
Error running '/tmp/check-CRAN-regular-hornik/cache/R/reticulate/uv/cache/builds-v0/.tmp5Z6D6D/bin/python': No such file.
boundary (singular) fit: see help('isSingular')
boundary (singular) fit: see help('isSingular')
Error in python_config_impl(python) :
Error running '/tmp/check-CRAN-regular-hornik/cache/R/reticulate/uv/cache/builds-v0/.tmpClFrfE/bin/python': No such file.
Error in python_config_impl(python) :
Error running '/tmp/check-CRAN-regular-hornik/cache/R/reticulate/uv/cache/builds-v0/.tmprst9ic/bin/python': No such file.
[ FAIL 1 | WARN 14 | SKIP 110 | PASS 209 ]
══ Skipped tests (110) ═════════════════════════════════════════════════════════
• Installed irlba is version 2.3.5.1; but 2.3.5.2 is required (10):
'test-umap.R:10:3', 'test-umap.R:56:3', 'test-umap.R:102:3',
'test-umap.R:151:3', 'test-umap.R:196:3', 'test-umap.R:229:3',
'test-umap.R:298:3', 'test-umap.R:351:3', 'test-umap.R:383:3',
'test-umap.R:400:3'
• On CRAN (100): 'test-collapse_cart.R:105:3', 'test-collapse_cart.R:130:3',
'test-collapse_cart.R:140:3', 'test-collapse_cart.R:180:3',
'test-collapse_stringdist.R:199:3', 'test-collapse_stringdist.R:226:3',
'test-collapse_stringdist.R:236:3', 'test-collapse_stringdist.R:278:3',
'test-discretize_cart.R:32:3', 'test-discretize_cart.R:61:3',
'test-discretize_cart.R:76:3', 'test-discretize_cart.R:96:3',
'test-discretize_cart.R:119:3', 'test-discretize_cart.R:142:3',
'test-discretize_cart.R:168:3', 'test-discretize_cart.R:208:3',
'test-discretize_cart.R:237:3', 'test-discretize_cart.R:251:3',
'test-discretize_cart.R:288:3', 'test-discretize_xgb.R:4:1',
'test-embed.R:5:3', 'test-embed.R:76:3', 'test-embed.R:145:3',
'test-embed.R:215:3', 'test-embed.R:284:3', 'test-embed.R:316:3',
'test-embed.R:333:3', 'test-embed.R:355:3', 'test-embed.R:401:3',
'test-embed.R:433:3', 'test-embed.R:452:3', 'test-extension_check.R:2:3',
'test-feature_hash.R:2:3', 'test-feature_hash.R:54:3',
'test-feature_hash.R:106:3', 'test-feature_hash.R:124:3',
'test-feature_hash.R:135:3', 'test-feature_hash.R:153:3',
'test-feature_hash.R:169:3', 'test-feature_hash.R:187:3',
'test-feature_hash.R:205:3', 'test-feature_hash.R:236:3',
'test-lencode_bayes.R:13:3', 'test-lencode_bayes.R:83:3',
'test-lencode_bayes.R:153:3', 'test-lencode_bayes.R:226:3',
'test-lencode_bayes.R:296:3', 'test-lencode_bayes.R:369:3',
'test-lencode_bayes.R:413:3', 'test-lencode_bayes.R:433:3',
'test-lencode_bayes.R:443:3', 'test-lencode_bayes.R:492:3',
'test-lencode_glm.R:7:3', 'test-lencode_glm.R:63:3',
'test-lencode_glm.R:121:3', 'test-lencode_glm.R:233:3',
'test-lencode_glm.R:263:3', 'test-lencode_glm.R:276:3',
'test-lencode_glm.R:286:3', 'test-lencode_glm.R:328:3',
'test-lencode_mixed.R:10:3', 'test-lencode_mixed.R:130:3',
'test-lencode_mixed.R:250:3', 'test-lencode_mixed.R:285:3',
'test-lencode_mixed.R:301:3', 'test-lencode_mixed.R:311:3',
'test-lencode_mixed.R:356:3', 'test-pca_sparse.R:47:3',
'test-pca_sparse.R:73:3', 'test-pca_sparse.R:108:3',
'test-pca_sparse.R:152:3', 'test-pca_sparse.R:162:3',
'test-pca_sparse.R:248:3', 'test-pca_sparse.R:263:3',
'test-pca_sparse_bayes.R:52:3', 'test-pca_sparse_bayes.R:79:3',
'test-pca_sparse_bayes.R:117:3', 'test-pca_sparse_bayes.R:167:3',
'test-pca_sparse_bayes.R:177:3', 'test-pca_sparse_bayes.R:263:3',
'test-pca_sparse_bayes.R:286:3', 'test-pca_truncated.R:66:3',
'test-pca_truncated.R:86:3', 'test-pca_truncated.R:122:3',
'test-pca_truncated.R:132:3', 'test-pca_truncated.R:218:3',
'test-pca_truncated.R:231:3', 'test-umap.R:246:3', 'test-umap.R:317:3',
'test-woe.R:13:3', 'test-woe.R:20:3', 'test-woe.R:106:3', 'test-woe.R:137:3',
'test-woe.R:167:3', 'test-woe.R:225:3', 'test-woe.R:268:3',
'test-woe.R:296:3', 'test-woe.R:306:3', 'test-woe.R:387:3',
'test-woe.R:403:3'
══ Failed tests ════════════════════════════════════════════════════════════════
── Error ('test-feature_hash.R:257:3'): printing ───────────────────────────────
Error: Installation of Python not found, Python bindings not loaded.
See the Python "Order of Discovery" here: https://rstudio.github.io/reticulate/articles/versions.html#order-of-discovery.
Backtrace:
▆
1. ├─testthat::skip_if(is.null(tensorflow::tf_version())) at test-feature_hash.R:257:3
2. │ └─base::isTRUE(condition)
3. └─tensorflow::tf_version()
4. └─tensorflow::tf_config()
5. └─reticulate::py_config()
6. └─reticulate:::ensure_python_initialized()
7. └─reticulate:::initialize_python()
8. └─reticulate (local) python_not_found("Installation of Python not found, Python bindings not loaded.")
[ FAIL 1 | WARN 14 | SKIP 110 | PASS 209 ]
Error: Test failures
Execution halted
Flavor: r-devel-linux-x86_64-debian-gcc