Last updated on 2025-07-24 06:49:25 CEST.
Flavor | Version | Tinstall | Tcheck | Ttotal | Status | Flags |
---|---|---|---|---|---|---|
r-devel-linux-x86_64-debian-clang | 1.1.0 | 30.96 | 204.78 | 235.74 | NOTE | |
r-devel-linux-x86_64-debian-gcc | 1.1.0 | 18.53 | 126.63 | 145.16 | NOTE | |
r-devel-linux-x86_64-fedora-clang | 1.1.0 | 368.90 | OK | |||
r-devel-linux-x86_64-fedora-gcc | 1.1.0 | 386.60 | OK | |||
r-devel-windows-x86_64 | 1.1.0 | 30.00 | 165.00 | 195.00 | OK | |
r-patched-linux-x86_64 | 1.1.0 | 28.83 | 193.70 | 222.53 | OK | |
r-release-linux-x86_64 | 1.1.0 | 28.46 | 191.26 | 219.72 | OK | |
r-release-macos-arm64 | 1.1.0 | 87.00 | OK | |||
r-release-macos-x86_64 | 1.1.0 | 184.00 | OK | |||
r-release-windows-x86_64 | 1.1.0 | 30.00 | 168.00 | 198.00 | OK | |
r-oldrel-macos-arm64 | 1.1.0 | 85.00 | OK | |||
r-oldrel-macos-x86_64 | 1.1.0 | 135.00 | OK | |||
r-oldrel-windows-x86_64 | 1.1.0 | 37.00 | 232.00 | 269.00 | OK |
Version: 1.1.0
Check: CRAN incoming feasibility
Result: NOTE
Maintainer: ‘Emilio Berti <emilio.berti@idiv.de>’
No Authors@R field in DESCRIPTION.
Please add one, modifying
Authors@R: person(given = "Emilio",
family = "Berti",
role = c("aut", "cre"),
email = "emilio.berti@idiv.de")
as necessary.
Flavors: r-devel-linux-x86_64-debian-clang, r-devel-linux-x86_64-debian-gcc