Last updated on 2025-11-04 05:51:09 CET.
| Flavor | Version | Tinstall | Tcheck | Ttotal | Status | Flags | 
|---|---|---|---|---|---|---|
| r-devel-linux-x86_64-debian-clang | 0.1.4 | 6.73 | 132.59 | 139.32 | NOTE | |
| r-devel-linux-x86_64-debian-gcc | 0.1.4 | 4.74 | 100.56 | 105.30 | NOTE | |
| r-devel-linux-x86_64-fedora-clang | 0.1.4 | 83.00 | 166.33 | 249.33 | OK | |
| r-devel-linux-x86_64-fedora-gcc | 0.1.4 | 37.00 | 194.58 | 231.58 | OK | |
| r-devel-windows-x86_64 | 0.1.4 | 8.00 | 68.00 | 76.00 | OK | |
| r-patched-linux-x86_64 | 0.1.4 | 6.43 | 128.19 | 134.62 | OK | |
| r-release-linux-x86_64 | 0.1.4 | 6.62 | 126.82 | 133.44 | OK | |
| r-release-macos-arm64 | 0.1.4 | 3.00 | 27.00 | 30.00 | OK | |
| r-release-macos-x86_64 | 0.1.4 | 5.00 | 68.00 | 73.00 | OK | |
| r-release-windows-x86_64 | 0.1.4 | 8.00 | 67.00 | 75.00 | OK | |
| r-oldrel-macos-arm64 | 0.1.4 | 3.00 | 24.00 | 27.00 | OK | |
| r-oldrel-macos-x86_64 | 0.1.4 | 4.00 | 34.00 | 38.00 | OK | |
| r-oldrel-windows-x86_64 | 0.1.4 | 9.00 | 83.00 | 92.00 | OK | 
Version: 0.1.4
Check: CRAN incoming feasibility
Result: NOTE
  Maintainer: ‘Nicolai Meinshausen <meinshausen@stat.math.ethz.ch>’
  
  The Description field contains
    supports classification (experimental).  <arxiv:2307.00835>.
  Please refer to arXiv e-prints via their arXiv DOI <doi:10.48550/arXiv.YYMM.NNNNN>.
Flavors: r-devel-linux-x86_64-debian-clang, r-devel-linux-x86_64-debian-gcc