Last updated on 2025-07-20 18:51:29 CEST.
Flavor | Version | Tinstall | Tcheck | Ttotal | Status | Flags |
---|---|---|---|---|---|---|
r-devel-linux-x86_64-debian-clang | 1.0.0 | 37.23 | 23.58 | 60.81 | OK | |
r-devel-linux-x86_64-debian-gcc | 1.0.0 | 36.70 | 20.49 | 57.19 | OK | |
r-devel-linux-x86_64-fedora-clang | 1.0.0 | 93.66 | OK | |||
r-devel-linux-x86_64-fedora-gcc | 1.0.0 | 96.00 | OK | |||
r-devel-windows-x86_64 | 1.0.0 | 42.00 | 44.00 | 86.00 | OK | |
r-patched-linux-x86_64 | 1.0.0 | 37.51 | 23.00 | 60.51 | OK | |
r-release-linux-x86_64 | 1.0.0 | 38.11 | 22.81 | 60.92 | OK | |
r-release-macos-arm64 | 1.0.0 | 54.00 | OK | |||
r-release-macos-x86_64 | 1.0.0 | 74.00 | OK | |||
r-release-windows-x86_64 | 1.0.0 | 45.00 | 44.00 | 89.00 | OK | |
r-oldrel-macos-arm64 | 1.0.0 | 52.00 | NOTE | |||
r-oldrel-macos-x86_64 | 1.0.0 | 56.00 | NOTE | |||
r-oldrel-windows-x86_64 | 1.0.0 | 41.00 | 49.00 | 90.00 | NOTE |
Version: 1.0.0
Check: installed package size
Result: NOTE
installed size is 7.3Mb
sub-directories of 1Mb or more:
data 7.2Mb
Flavors: r-oldrel-macos-arm64, r-oldrel-macos-x86_64, r-oldrel-windows-x86_64