CRAN Package Check Results for Package epicasting

Last updated on 2025-07-27 18:51:19 CEST.

Flavor Version Tinstall Tcheck Ttotal Status Flags
r-devel-linux-x86_64-debian-clang 0.1.0 7.21 63.31 70.52 NOTE
r-devel-linux-x86_64-debian-gcc 0.1.0 4.78 43.81 48.59 NOTE
r-devel-linux-x86_64-fedora-clang 0.1.0 107.86 OK
r-devel-linux-x86_64-fedora-gcc 0.1.0 105.24 OK
r-devel-windows-x86_64 0.1.0 10.00 75.00 85.00 OK
r-patched-linux-x86_64 0.1.0 6.09 58.23 64.32 OK
r-release-linux-x86_64 0.1.0 6.54 59.64 66.18 OK
r-release-macos-arm64 0.1.0 34.00 OK
r-release-macos-x86_64 0.1.0 71.00 OK
r-release-windows-x86_64 0.1.0 9.00 76.00 85.00 OK
r-oldrel-macos-arm64 0.1.0 28.00 OK
r-oldrel-macos-x86_64 0.1.0 45.00 OK
r-oldrel-windows-x86_64 0.1.0 11.00 91.00 102.00 OK

Check Details

Version: 0.1.0
Check: CRAN incoming feasibility
Result: NOTE Maintainer: ‘Tanujit Chakraborty <tanujitisi@gmail.com>’ The Description field contains et al. (2023) <arXiv:2206.10696> <doi:10.1016/j.chaos.2023.113124>. Please refer to arXiv e-prints via their arXiv DOI <doi:10.48550/arXiv.YYMM.NNNNN>. Flavors: r-devel-linux-x86_64-debian-clang, r-devel-linux-x86_64-debian-gcc