Last updated on 2025-11-23 05:50:15 CET.
| Flavor | Version | Tinstall | Tcheck | Ttotal | Status | Flags |
|---|---|---|---|---|---|---|
| r-devel-linux-x86_64-debian-clang | 0.96 | 18.97 | 177.45 | 196.42 | NOTE | |
| r-devel-linux-x86_64-debian-gcc | 0.96 | 13.90 | 141.07 | 154.97 | NOTE | |
| r-devel-linux-x86_64-fedora-clang | 0.96 | 44.00 | 312.85 | 356.85 | NOTE | |
| r-devel-linux-x86_64-fedora-gcc | 0.96 | 34.00 | 340.21 | 374.21 | NOTE | |
| r-devel-windows-x86_64 | 0.96 | 32.00 | 237.00 | 269.00 | NOTE | |
| r-patched-linux-x86_64 | 0.96 | 20.20 | 207.64 | 227.84 | NOTE | |
| r-release-linux-x86_64 | 0.96 | 19.67 | 209.97 | 229.64 | NOTE | |
| r-release-macos-arm64 | 0.96 | NOTE | ||||
| r-release-macos-x86_64 | 0.96 | 11.00 | 213.00 | 224.00 | NOTE | |
| r-release-windows-x86_64 | 0.96 | 30.00 | 226.00 | 256.00 | NOTE | |
| r-oldrel-macos-arm64 | 0.96 | NOTE | ||||
| r-oldrel-macos-x86_64 | 0.96 | 11.00 | 171.00 | 182.00 | NOTE | |
| r-oldrel-windows-x86_64 | 0.96 | 31.00 | 319.00 | 350.00 | NOTE |
Version: 0.96
Check: Rd files
Result: NOTE
checkRd: (-1) runSim.Rd:111: Lost braces
111 | \ifelse{html}{\out{<i>r</i><sub>1</sub> = 1}}{{\eqn{r_1 = 1}}{r_1 = 1}} while the individual with the lowest phenotypic value
| ^
checkRd: (-1) runSim.Rd:112: Lost braces
112 | is given the rank \ifelse{html}{\out{<i>r<sub>n</sub></i> = <i>n</i>}}{{\eqn{r_n = n}}{r_n = n}}), the probability of an individual
| ^
checkRd: (-1) runSim.Rd:120-122: Lost braces
120 | }{
| ^
Flavors: r-devel-linux-x86_64-debian-clang, r-devel-linux-x86_64-debian-gcc, r-devel-linux-x86_64-fedora-clang, r-devel-linux-x86_64-fedora-gcc, r-devel-windows-x86_64, r-patched-linux-x86_64, r-release-linux-x86_64, r-release-macos-arm64, r-release-macos-x86_64, r-release-windows-x86_64, r-oldrel-macos-arm64, r-oldrel-macos-x86_64, r-oldrel-windows-x86_64