CRAN Package Check Results for Package epo

Last updated on 2025-11-23 05:50:15 CET.

Flavor Version Tinstall Tcheck Ttotal Status Flags
r-devel-linux-x86_64-debian-clang 0.1.0 1.64 22.40 24.04 OK
r-devel-linux-x86_64-debian-gcc 0.1.0 1.38 17.98 19.36 OK
r-devel-linux-x86_64-fedora-clang 0.1.0 34.04 NOTE
r-devel-linux-x86_64-fedora-gcc 0.1.0 31.91 NOTE
r-devel-windows-x86_64 0.1.0 6.00 38.00 44.00 OK
r-patched-linux-x86_64 0.1.0 1.58 19.59 21.17 OK
r-release-linux-x86_64 0.1.0 1.63 19.67 21.30 OK
r-release-macos-arm64 0.1.0 OK
r-release-macos-x86_64 0.1.0 2.00 22.00 24.00 OK
r-release-windows-x86_64 0.1.0 4.00 38.00 42.00 OK
r-oldrel-macos-arm64 0.1.0 OK
r-oldrel-macos-x86_64 0.1.0 1.00 20.00 21.00 OK
r-oldrel-windows-x86_64 0.1.0 5.00 44.00 49.00 OK

Check Details

Version: 0.1.0
Check: dependencies in R code
Result: NOTE Namespace in Imports field not imported from: ‘xts’ All declared Imports should be used. Flavors: r-devel-linux-x86_64-fedora-clang, r-devel-linux-x86_64-fedora-gcc