Last updated on 2024-07-23 18:58:57 CEST.
Flavor | Version | Tinstall | Tcheck | Ttotal | Status | Flags |
---|---|---|---|---|---|---|
r-devel-linux-x86_64-debian-clang | 0.2.6-1.1 | 7.70 | 78.47 | 86.17 | OK | |
r-devel-linux-x86_64-debian-gcc | 0.2.6-1.1 | 6.99 | 58.20 | 65.19 | NOTE | |
r-devel-linux-x86_64-fedora-clang | 0.2.6-1.1 | 106.39 | OK | |||
r-devel-linux-x86_64-fedora-gcc | 0.2.6-1.1 | 100.87 | OK | |||
r-devel-windows-x86_64 | 0.2.6-1.1 | 8.00 | 73.00 | 81.00 | NOTE | |
r-patched-linux-x86_64 | 0.2.6-1.1 | 12.55 | 74.43 | 86.98 | OK | |
r-release-linux-x86_64 | 0.2.6-1.1 | 9.08 | 72.75 | 81.83 | OK | |
r-release-macos-arm64 | 0.2.6-1.1 | 31.00 | OK | |||
r-release-macos-x86_64 | 0.2.6-1.1 | 52.00 | OK | |||
r-release-windows-x86_64 | 0.2.6-1.1 | 8.00 | 71.00 | 79.00 | OK | |
r-oldrel-macos-arm64 | 0.2.6-1.1 | 35.00 | OK | |||
r-oldrel-macos-x86_64 | 0.2.6-1.1 | 57.00 | NOTE | |||
r-oldrel-windows-x86_64 | 0.2.6-1.1 | 10.00 | 87.00 | 97.00 | OK |
Version: 0.2.6-1.1
Check: Rd cross-references
Result: NOTE
Found the following Rd file(s) with Rd \link{} targets missing package
anchors:
epoc.Rd: lassoshooting
epoc.survival.Rd: survdiff
Please provide package anchors for all Rd \link{} targets not in the
package itself and the base packages.
Flavors: r-devel-linux-x86_64-debian-gcc, r-devel-windows-x86_64
Version: 0.2.6-1.1
Check: package dependencies
Result: NOTE
Package suggested but not available for checking: ‘graph’
Flavor: r-oldrel-macos-x86_64