Last updated on 2024-05-04 06:51:54 CEST.
Flavor | Version | Tinstall | Tcheck | Ttotal | Status | Flags |
---|---|---|---|---|---|---|
r-devel-linux-x86_64-debian-clang | 0.2.6-1.1 | 10.02 | 76.61 | 86.63 | OK | |
r-devel-linux-x86_64-debian-gcc | 0.2.6-1.1 | 6.45 | 57.51 | 63.96 | OK | |
r-devel-linux-x86_64-fedora-clang | 0.2.6-1.1 | 115.37 | OK | |||
r-devel-linux-x86_64-fedora-gcc | 0.2.6-1.1 | 110.54 | OK | |||
r-devel-windows-x86_64 | 0.2.6-1.1 | 8.00 | 70.00 | 78.00 | OK | |
r-patched-linux-x86_64 | 0.2.6-1.1 | 12.29 | 73.36 | 85.65 | OK | |
r-release-linux-x86_64 | 0.2.6-1.1 | 8.68 | 73.62 | 82.30 | OK | |
r-release-macos-arm64 | 0.2.6-1.1 | 31.00 | OK | |||
r-release-windows-x86_64 | 0.2.6-1.1 | 8.00 | 71.00 | 79.00 | OK | |
r-oldrel-macos-arm64 | 0.2.6-1.1 | 35.00 | OK | |||
r-oldrel-macos-x86_64 | 0.2.6-1.1 | 57.00 | NOTE | |||
r-oldrel-windows-x86_64 | 0.2.6-1.1 | 11.00 | 82.00 | 93.00 | OK |
Version: 0.2.6-1.1
Check: package dependencies
Result: NOTE
Package suggested but not available for checking: ‘graph’
Flavor: r-oldrel-macos-x86_64