Last updated on 2024-04-26 07:51:43 CEST.
Flavor | Version | Tinstall | Tcheck | Ttotal | Status | Flags |
---|---|---|---|---|---|---|
r-devel-linux-x86_64-debian-clang | 2.0.8 | 5.09 | 108.17 | 113.26 | NOTE | |
r-devel-linux-x86_64-debian-gcc | 2.0.8 | 5.26 | 76.37 | 81.63 | NOTE | |
r-devel-linux-x86_64-fedora-clang | 2.0.8 | 148.66 | NOTE | |||
r-devel-linux-x86_64-fedora-gcc | 2.0.8 | 159.39 | NOTE | |||
r-devel-windows-x86_64 | 2.0.8 | 6.00 | 91.00 | 97.00 | NOTE | |
r-patched-linux-x86_64 | 2.0.8 | 7.81 | 101.31 | 109.12 | NOTE | |
r-release-linux-x86_64 | 2.0.8 | 5.94 | 97.25 | 103.19 | NOTE | |
r-release-macos-arm64 | 2.0.8 | 40.00 | NOTE | |||
r-release-windows-x86_64 | 2.0.8 | 6.00 | 90.00 | 96.00 | NOTE | |
r-oldrel-macos-arm64 | 2.0.8 | 43.00 | NOTE | |||
r-oldrel-macos-x86_64 | 2.0.8 | 71.00 | NOTE | |||
r-oldrel-windows-x86_64 | 2.0.8 | 7.00 | 100.00 | 107.00 | NOTE |
Version: 2.0.8
Check: package subdirectories
Result: NOTE
Problems with news in ‘NEWS.md’:
No news entries found.
Flavors: r-devel-linux-x86_64-debian-clang, r-devel-linux-x86_64-debian-gcc, r-devel-linux-x86_64-fedora-clang, r-devel-linux-x86_64-fedora-gcc, r-devel-windows-x86_64, r-patched-linux-x86_64, r-release-linux-x86_64, r-release-macos-arm64, r-release-windows-x86_64, r-oldrel-macos-arm64, r-oldrel-macos-x86_64, r-oldrel-windows-x86_64