CRAN Package Check Results for Package etrunct

Last updated on 2025-05-18 06:49:13 CEST.

Flavor Version Tinstall Tcheck Ttotal Status Flags
r-devel-linux-x86_64-debian-clang 0.1 1.63 17.84 19.47 NOTE
r-devel-linux-x86_64-debian-gcc 0.1 1.27 14.35 15.62 NOTE
r-devel-linux-x86_64-fedora-clang 0.1 30.69 OK
r-devel-linux-x86_64-fedora-gcc 0.1 28.62 OK
r-devel-windows-x86_64 0.1 3.00 41.00 44.00 OK
r-patched-linux-x86_64 0.1 1.55 17.20 18.75 OK
r-release-linux-x86_64 0.1 1.36 17.10 18.46 OK
r-release-macos-arm64 0.1 15.00 OK
r-release-macos-x86_64 0.1 23.00 OK
r-release-windows-x86_64 0.1 3.00 43.00 46.00 OK
r-oldrel-macos-arm64 0.1 17.00 NOTE
r-oldrel-macos-x86_64 0.1 19.00 NOTE
r-oldrel-windows-x86_64 0.1 3.00 41.00 44.00 NOTE

Check Details

Version: 0.1
Check: CRAN incoming feasibility
Result: NOTE Maintainer: ‘Matthew Stephens <mstephens@uchicago.edu>’ No Authors@R field in DESCRIPTION. Please add one, modifying Authors@R: person(given = "Matthew", family = "Stephens", role = c("aut", "cre"), email = "mstephens@uchicago.edu") as necessary. Flavors: r-devel-linux-x86_64-debian-clang, r-devel-linux-x86_64-debian-gcc

Version: 0.1
Check: LazyData
Result: NOTE 'LazyData' is specified without a 'data' directory Flavors: r-oldrel-macos-arm64, r-oldrel-macos-x86_64, r-oldrel-windows-x86_64