Last updated on 2024-03-28 17:49:27 CET.
Flavor | Version | Tinstall | Tcheck | Ttotal | Status | Flags |
---|---|---|---|---|---|---|
r-devel-linux-x86_64-debian-clang | 4.0.0 | 9.58 | 103.45 | 113.03 | OK | |
r-devel-linux-x86_64-debian-gcc | 4.0.0 | 8.85 | 77.49 | 86.34 | OK | |
r-devel-linux-x86_64-fedora-clang | 4.0.0 | 85.05 | NOTE | |||
r-devel-linux-x86_64-fedora-gcc | 4.0.0 | 82.64 | NOTE | |||
r-devel-windows-x86_64 | 4.0.0 | 11.00 | 101.00 | 112.00 | OK | |
r-patched-linux-x86_64 | 4.0.0 | 9.55 | 99.52 | 109.07 | OK | |
r-release-linux-x86_64 | 4.0.0 | 9.56 | 96.55 | 106.11 | OK | |
r-release-macos-arm64 | 4.0.0 | 79.00 | OK | |||
r-release-macos-x86_64 | 4.0.0 | 108.00 | OK | |||
r-release-windows-x86_64 | 4.0.0 | 14.00 | 120.00 | 134.00 | OK | |
r-oldrel-macos-arm64 | 4.0.0 | 64.00 | OK | |||
r-oldrel-windows-x86_64 | 4.0.0 | 14.00 | 116.00 | 130.00 | OK |
Version: 4.0.0
Check: data for non-ASCII characters
Result: NOTE
Note: found 1054 marked UTF-8 strings
Flavors: r-devel-linux-x86_64-fedora-clang, r-devel-linux-x86_64-fedora-gcc