CRAN Package Check Results for Package eva3dm

Last updated on 2025-04-16 18:50:04 CEST.

Flavor Version Tinstall Tcheck Ttotal Status Flags
r-devel-linux-x86_64-debian-clang 0.99.1 23.97 211.93 235.90 OK
r-devel-linux-x86_64-debian-gcc 0.99.1 14.83 123.97 138.80 OK
r-devel-linux-x86_64-fedora-clang 0.99.1 369.86 OK
r-devel-linux-x86_64-fedora-gcc 0.99.1 355.69 OK
r-devel-windows-x86_64 0.99.1 22.00 164.00 186.00 WARN
r-patched-linux-x86_64 0.99.1 24.71 198.30 223.01 OK
r-release-linux-x86_64 0.99.1 20.81 200.57 221.38 OK
r-release-macos-arm64 0.99.1 78.00 OK
r-release-macos-x86_64 0.99.1 201.00 OK
r-release-windows-x86_64 0.99.1 23.00 169.00 192.00 OK
r-oldrel-macos-arm64 0.99.1 79.00 OK
r-oldrel-macos-x86_64 0.99.1 189.00 OK
r-oldrel-windows-x86_64 0.99.1 25.00 236.00 261.00 OK

Check Details

Version: 0.99.1
Check: whether the package can be loaded with stated dependencies
Result: WARN It looks like this package (or one of its dependent packages) has an unstated dependence on a standard package. All dependencies must be declared in DESCRIPTION. See section 'The DESCRIPTION file' in the 'Writing R Extensions' manual. Flavor: r-devel-windows-x86_64