Last updated on 2025-11-22 17:49:29 CET.
| Flavor | Version | Tinstall | Tcheck | Ttotal | Status | Flags |
|---|---|---|---|---|---|---|
| r-devel-linux-x86_64-debian-clang | 0.1.1 | 1.82 | 25.32 | 27.14 | NOTE | |
| r-devel-linux-x86_64-debian-gcc | 0.1.1 | 1.33 | 19.99 | 21.32 | NOTE | |
| r-devel-linux-x86_64-fedora-clang | 0.1.1 | 38.02 | NOTE | |||
| r-devel-linux-x86_64-fedora-gcc | 0.1.1 | 35.79 | NOTE | |||
| r-devel-windows-x86_64 | 0.1.1 | 3.00 | 42.00 | 45.00 | NOTE | |
| r-patched-linux-x86_64 | 0.1.1 | 1.90 | 22.67 | 24.57 | OK | |
| r-release-linux-x86_64 | 0.1.1 | 1.49 | 22.97 | 24.46 | OK | |
| r-release-macos-arm64 | 0.1.1 | OK | ||||
| r-release-macos-x86_64 | 0.1.1 | 2.00 | 27.00 | 29.00 | OK | |
| r-release-windows-x86_64 | 0.1.1 | 3.00 | 42.00 | 45.00 | OK | |
| r-oldrel-macos-arm64 | 0.1.1 | OK | ||||
| r-oldrel-macos-x86_64 | 0.1.1 | 2.00 | 23.00 | 25.00 | OK | |
| r-oldrel-windows-x86_64 | 0.1.1 | 4.00 | 49.00 | 53.00 | OK |
Version: 0.1.1
Check: Rd files
Result: NOTE
checkRd: (-1) ebc_allmeasures.Rd:17-18: height/width attributes should be in pixels
Flavors: r-devel-linux-x86_64-debian-clang, r-devel-linux-x86_64-debian-gcc, r-devel-linux-x86_64-fedora-clang, r-devel-linux-x86_64-fedora-gcc, r-devel-windows-x86_64