CRAN Package Check Results for Package exact.n

Last updated on 2025-06-30 18:49:40 CEST.

Flavor Version Tinstall Tcheck Ttotal Status Flags
r-devel-linux-x86_64-debian-clang 1.1.1 2.15 26.44 28.59 NOTE
r-devel-linux-x86_64-debian-gcc 1.1.1 1.73 21.08 22.81 NOTE
r-devel-linux-x86_64-fedora-clang 1.1.1 42.68 OK
r-devel-linux-x86_64-fedora-gcc 1.1.1 41.02 OK
r-devel-windows-x86_64 1.1.1 5.00 51.00 56.00 OK
r-patched-linux-x86_64 OK
r-release-linux-x86_64 1.1.1 2.25 23.94 26.19 OK
r-release-macos-arm64 1.1.1 22.00 OK
r-release-macos-x86_64 1.1.1 32.00 OK
r-release-windows-x86_64 1.1.1 5.00 51.00 56.00 OK
r-oldrel-macos-arm64 1.1.1 16.00 OK
r-oldrel-macos-x86_64 1.1.1 24.00 OK
r-oldrel-windows-x86_64 1.1.1 5.00 53.00 58.00 OK

Check Details

Version: 1.1.1
Check: CRAN incoming feasibility
Result: NOTE Maintainer: ‘Chris J. Lloyd <c.lloyd@mbs.edu>’ No Authors@R field in DESCRIPTION. Please add one, modifying Authors@R: person(given = c("Chris", "J."), family = "Lloyd", role = c("aut", "cre"), email = "c.lloyd@mbs.edu") as necessary. Flavors: r-devel-linux-x86_64-debian-clang, r-devel-linux-x86_64-debian-gcc