Last updated on 2025-07-27 18:51:20 CEST.
Flavor | Version | Tinstall | Tcheck | Ttotal | Status | Flags |
---|---|---|---|---|---|---|
r-devel-linux-x86_64-debian-clang | 0.1.1 | 5.39 | 41.25 | 46.64 | NOTE | |
r-devel-linux-x86_64-debian-gcc | 0.1.1 | 3.63 | 29.99 | 33.62 | NOTE | |
r-devel-linux-x86_64-fedora-clang | 0.1.1 | 73.40 | NOTE | |||
r-devel-linux-x86_64-fedora-gcc | 0.1.1 | 71.14 | NOTE | |||
r-devel-windows-x86_64 | 0.1.1 | 7.00 | 65.00 | 72.00 | NOTE | |
r-patched-linux-x86_64 | 0.1.1 | 4.74 | 38.76 | 43.50 | NOTE | |
r-release-linux-x86_64 | 0.1.1 | 4.77 | 39.04 | 43.81 | NOTE | |
r-release-macos-arm64 | 0.1.1 | 24.00 | NOTE | |||
r-release-macos-x86_64 | 0.1.1 | 39.00 | NOTE | |||
r-release-windows-x86_64 | 0.1.1 | 7.00 | 58.00 | 65.00 | NOTE | |
r-oldrel-macos-arm64 | 0.1.1 | 20.00 | OK | |||
r-oldrel-macos-x86_64 | 0.1.1 | 32.00 | OK | |||
r-oldrel-windows-x86_64 | 0.1.1 | 7.00 | 67.00 | 74.00 | OK |
Version: 0.1.1
Check: DESCRIPTION meta-information
Result: NOTE
Missing dependency on R >= 4.1.0 because package code uses the pipe
|> or function shorthand \(...) syntax added in R 4.1.0.
File(s) using such syntax:
‘compare_benchmark_event.R’ ‘compare_benchmark_time.R’
Flavors: r-devel-linux-x86_64-debian-clang, r-devel-linux-x86_64-debian-gcc, r-devel-linux-x86_64-fedora-clang, r-devel-linux-x86_64-fedora-gcc, r-devel-windows-x86_64, r-patched-linux-x86_64, r-release-linux-x86_64, r-release-macos-arm64, r-release-macos-x86_64, r-release-windows-x86_64