CRAN Package Check Results for Package eyelinker

Last updated on 2025-07-20 06:50:09 CEST.

Flavor Version Tinstall Tcheck Ttotal Status Flags
r-devel-linux-x86_64-debian-clang 0.2.1 5.08 68.55 73.63 NOTE
r-devel-linux-x86_64-debian-gcc 0.2.1 3.98 53.15 57.13 NOTE
r-devel-linux-x86_64-fedora-clang 0.2.1 112.94 OK
r-devel-linux-x86_64-fedora-gcc 0.2.1 120.84 OK
r-devel-windows-x86_64 0.2.1 6.00 81.00 87.00 OK
r-patched-linux-x86_64 0.2.1 5.70 64.23 69.93 OK
r-release-linux-x86_64 0.2.1 5.72 64.03 69.75 OK
r-release-macos-arm64 0.2.1 39.00 OK
r-release-macos-x86_64 0.2.1 80.00 OK
r-release-windows-x86_64 0.2.1 9.00 78.00 87.00 OK
r-oldrel-macos-arm64 0.2.1 41.00 OK
r-oldrel-macos-x86_64 0.2.1 65.00 OK
r-oldrel-windows-x86_64 0.2.1 8.00 96.00 104.00 OK

Check Details

Version: 0.2.1
Check: CRAN incoming feasibility
Result: NOTE Maintainer: ‘Austin Hurst <ajhurst@uwaterloo.ca>’ No Authors@R field in DESCRIPTION. Please add one, modifying Authors@R: c(person(given = "Simon", family = "Barthelme", role = "aut", email = "simon.barthelme@gipsa-lab.fr"), person(given = "Austin", family = "Hurst", role = "cre", email = "ajhurst@uwaterloo.ca")) as necessary. Flavors: r-devel-linux-x86_64-debian-clang, r-devel-linux-x86_64-debian-gcc